-- http://www.phpmyadmin.net
--




--
-- Database: `metro_client_settings`
--

-- --------------------------------------------------------

--
-- Table structure for table `contact_types`
--

CREATE TABLE IF NOT EXISTS `contact_types` (
  `id` int(11) unsigned NOT NULL AUTO_INCREMENT,
  `name` varchar(255) NOT NULL,
  `readonly` tinyint(4) NOT NULL DEFAULT '1',
  `allow_company_field` tinyint(1) NOT NULL DEFAULT '1',
  `table` varchar(200) NOT NULL,
  `submitter` bigint(11) unsigned NOT NULL,
  `date_submitted` datetime NOT NULL,
  PRIMARY KEY (`id`)
) ENGINE=InnoDB  DEFAULT CHARSET=utf8 AUTO_INCREMENT=6 ;

--
-- Dumping data for table `contact_types`
--

INSERT INTO `contact_types` (`id`, `name`, `readonly`, `allow_company_field`, `table`, `submitter`, `date_submitted`) VALUES
(1, 'Supplier', 1, 1, 'suppliers', 2, '2011-04-04 15:38:04'),
(2, 'Client', 1, 1, 'clients', 2, '2011-04-04 15:38:04'),
(3, 'Business Associate', 1, 1, '', 2, '2011-04-04 15:38:04'),
(4, 'Contractor', 1, 1, '', 2, '2011-04-04 15:38:04'),
(5, 'Friends/Family', 1, 0, '', 2, '2011-04-04 15:38:04');

-- --------------------------------------------------------

--
-- Table structure for table `groups`
--

CREATE TABLE IF NOT EXISTS `groups` (
  `id` int(11) unsigned NOT NULL AUTO_INCREMENT,
  `name` varchar(255) NOT NULL,
  `description` text NOT NULL,
  `access` text NOT NULL,
  `status` tinyint(4) NOT NULL DEFAULT '1',
  `access_module` text NOT NULL,
  `display_name` varchar(255) NOT NULL,
  `default_home` int(11) unsigned NOT NULL,
  `creator` bigint(11) unsigned NOT NULL,
  `date_created` datetime NOT NULL,
  `submitter` bigint(11) unsigned NOT NULL,
  `date_submitted` datetime NOT NULL DEFAULT '0000-00-00 00:00:00',
  PRIMARY KEY (`id`)
) ENGINE=InnoDB  DEFAULT CHARSET=utf8 AUTO_INCREMENT=45 ;

--
-- Dumping data for table `groups`
--

INSERT INTO `groups` (`id`, `name`, `description`, `access`, `status`, `access_module`, `display_name`, `default_home`, `creator`, `date_created`, `submitter`, `date_submitted`) VALUES
(31, 'Super Administrator', 'Super Administrator', '11111101111111111111101111111111111111111111111111111111111111111111111111111111100000000111111111111111111111111111111111111110000000011111111111111111111111111111111011111111111111111111111111111101111111111111111111111111111100000111100000011110000000000000000000001000000000000000000000000000000000000000000000000000000000000000000000000011001111100000000000000000000000000000000000000011100000000010001100000000000000000000000000000000000000000000000110110001000', 1, '10110010101010110000010000010', 'Super Administrator', 101, 1, '2011-08-01 20:21:29', 1, '2012-01-13 14:53:31'),
(35, 'Employee', 'Employee', '11111110001010000000000000000000000000000000000000000000000000000000000000000000000000010000000000000000000000000000000000000000000000001100000000000000100000000000000000000000000000000000000000000000000010000000', 1, '1010000001000000', 'Employee', 11, 1, '2011-08-19 16:00:16', 1, '2011-08-19 16:00:16'),
(36, 'Manager', 'Manager', '11111100111111011111100111111111011111110000000000000010111111111111001111000000000000000011101111111111111100001111111111111110000000011111000000111111111111111111111011111111111111111111111111111101111111111000111111111111100100000111100000011110000000000000000000000000000000000000000000000000000000000000000000000000000000000000000000000011001111100000000000000000000000000000000000000001100000000010001100000000000000000000000000000000000000000000000110110001000', 1, '10110010101010110000010000010', 'Manager', 101, 1, '2011-08-19 16:06:55', 1, '2011-08-19 16:06:55'),
(39, 'Supervisor', 'Supervisor', '11111000100000000000000001001111010000110000000000011111100000001111001111000000000000000000001111111111110000000000111110011110000000011111000000111100000000111000000000111111111111111111111111111100011111110000000000001111100000000111100000011110000000000000000000000000000000000000000000000000000000000000000000000000000000000000000000000010001110100000000000000000000000000000000000000001100000000010000100000000000000000000000000000000000000000000000100000001000', 1, '10010101010110000000000000', 'Supervisor', 101, 1, '2011-11-14 16:20:01', 1, '2011-11-14 16:20:01'),
(40, 'Timesheet Login', 'Timesheet Login', '100000000000001100000000000000000000000000000000000000000000000000000000000000000000000000000000000000000001100000001000000000000000000000000000000000000000000000000000000000000000000000000000000000000000000000000000000000000000000000000000000000000000000000000000000000000000000000000000000000000000000000000000000000000000000000000000000000000000000000000000000000010000000', 1, '1000000', 'Timesheet Login', 11, 1, '2012-01-11 16:45:42', 1, '2012-01-11 16:49:56'),
(41, 'Job Tracking Login', 'Job Tracking Login', '110000000000000000000000010000000000000000000000000000000000000000000000000000000000000000000000000000000000000000000000000000000001100000001000000000000000000000000000000000000000000000000000000000000000000000000000000000000000000000000000000000000000000000000000000000000000000000000000000000000000000000000000000000000000000000000000000000000000000000000000000000000000000000000000000000010000000', 1, '1000000', 'Job Tracking Login', 11, 1, '2012-01-11 16:46:01', 1, '2012-01-11 16:49:46'),
(42, 'Administrator', 'Administrator', '11111000111111011111100101000000000000010000000000011111011000001000001111000000000000000011101111111111111100001111111111111100000000010011000101011111111111000111111011111111111111111111111111111101111110101000000000000100001100000010100000011110000000000000000000001000000000000000000000000000000000000000000000000000000000000000000000000011001111100000000000000000000000000000000000000001100000000010000100000000000000000000000000000000000000000000000100110001000', 1, '10010010101010010000010000010', 'Administrator', 101, 1, '2012-01-13 14:53:47', 19, '2017-08-04 14:08:43'),
(43, 'General Manager', 'General Manager', '11111100111111111111111111111111010000110000000000011111111111111111001111000000000000000011001111111111110000001111111111111110000000011111000101111111111111111111111011111111111111111111111111111101111111111000001000011111110100000111100000011110000000000000000000001000000000000000000000000000000000000000000000000000000000000000000000000011001111100000000000000000000000000000000000000001100000000010001100000000000000000000000000000000000000000000000110110001000', 1, '10110010101010110000010000010', 'General Manager', 101, 1, '2012-02-02 21:41:51', 1, '2012-02-02 21:41:51'),
(44, 'Stocktake', 'Stocktake', '11111011111100000000000000000000000000000000000000000000000000000000000000000000000000000000000000000000000000000000000000000000000000000000000000000000000000000000000000000000000000000000000000000000000000000000000000000000000000000000000000000000000000000000000000000000000000000000000000000000000000000000000000000000000000000000000000000000000000000000000000000000000000000000000000000000000000000000000000000000000000000000000000000000000000000000000000', 1, '10000000000000000000000000000', 'Stocktake', 114, 1, '2015-05-27 16:13:01', 1, '2015-05-28 00:00:00');

-- --------------------------------------------------------

--
-- Table structure for table `groups_add`
--

CREATE TABLE IF NOT EXISTS `groups_add` (
  `group_id` int(11) unsigned NOT NULL,
  `group_add_id` int(11) unsigned NOT NULL,
  PRIMARY KEY (`group_id`,`group_add_id`)
) ENGINE=InnoDB DEFAULT CHARSET=utf8;

--
-- Dumping data for table `groups_add`
--

INSERT INTO `groups_add` (`group_id`, `group_add_id`) VALUES
(31, 31),
(31, 35),
(31, 36),
(31, 39),
(31, 40),
(31, 41),
(31, 42),
(31, 43),
(31, 44),
(36, 35),
(36, 36),
(36, 39),
(41, 35),
(42, 35),
(42, 36),
(42, 39),
(42, 40),
(42, 41),
(42, 42),
(42, 44),
(43, 35),
(43, 36),
(43, 39),
(43, 44);

-- --------------------------------------------------------

--
-- Table structure for table `groups_menu_landing`
--

CREATE TABLE IF NOT EXISTS `groups_menu_landing` (
  `id` bigint(11) unsigned NOT NULL AUTO_INCREMENT,
  `group_id` bigint(11) unsigned NOT NULL,
  `module_id` bigint(11) unsigned NOT NULL,
  `sub_module_id` bigint(11) unsigned NOT NULL,
  PRIMARY KEY (`id`)
) ENGINE=InnoDB  DEFAULT CHARSET=utf8 AUTO_INCREMENT=2979 ;

--
-- Dumping data for table `groups_menu_landing`
--

INSERT INTO `groups_menu_landing` (`id`, `group_id`, `module_id`, `sub_module_id`) VALUES
(1313, 37, 11, 11),
(1314, 37, 88, 369),
(1315, 37, 91, 370),
(1316, 37, 89, 371),
(1317, 37, 90, 372),
(1318, 37, 94, 373),
(1319, 37, 93, 374),
(1320, 37, 82, 178),
(1321, 37, 80, 164),
(1322, 37, 5, 5),
(1323, 37, 81, 165),
(1324, 37, 12, 12),
(1337, 38, 11, 11),
(1338, 38, 88, 369),
(1339, 38, 91, 370),
(1340, 38, 89, 371),
(1341, 38, 90, 372),
(1342, 38, 94, 373),
(1343, 38, 93, 374),
(1344, 38, 82, 178),
(1345, 38, 80, 164),
(1346, 38, 5, 5),
(1347, 38, 81, 165),
(1348, 38, 12, 12),
(1518, 35, 11, 11),
(1519, 35, 99, 446),
(1520, 35, 82, 178),
(1521, 35, 80, 164),
(1522, 35, 5, 5),
(1523, 35, 81, 165),
(1524, 35, 12, 12),
(2325, 40, 11, 11),
(2326, 40, 103, 461),
(2327, 40, 105, 479),
(2328, 40, 107, 503),
(2329, 40, 102, 456),
(2330, 40, 101, 450),
(2331, 40, 106, 531),
(2332, 40, 109, 566),
(2333, 40, 108, 543),
(2334, 40, 5, 5),
(2335, 40, 81, 165),
(2336, 40, 12, 12),
(2337, 40, 111, 628),
(2338, 41, 11, 11),
(2339, 41, 103, 461),
(2340, 41, 105, 479),
(2341, 41, 107, 503),
(2342, 41, 102, 456),
(2343, 41, 101, 450),
(2344, 41, 106, 531),
(2345, 41, 109, 566),
(2346, 41, 108, 543),
(2347, 41, 5, 5),
(2348, 41, 81, 165),
(2349, 41, 12, 12),
(2350, 41, 111, 628),
(2875, 43, 11, 11),
(2876, 43, 101, 694),
(2877, 43, 107, 504),
(2878, 43, 103, 461),
(2879, 43, 105, 479),
(2880, 43, 112, 531),
(2881, 43, 82, 629),
(2882, 43, 5, 5),
(2883, 43, 81, 165),
(2884, 43, 12, 12),
(2885, 43, 111, 628),
(2886, 43, 113, 593),
(2887, 43, 114, 682),
(2901, 31, 11, 11),
(2902, 31, 101, 694),
(2903, 31, 107, 504),
(2904, 31, 103, 461),
(2905, 31, 105, 479),
(2906, 31, 112, 531),
(2907, 31, 82, 629),
(2908, 31, 5, 5),
(2909, 31, 81, 165),
(2910, 31, 12, 12),
(2911, 31, 111, 628),
(2912, 31, 113, 593),
(2913, 31, 114, 682),
(2914, 36, 11, 11),
(2915, 36, 101, 694),
(2916, 36, 107, 504),
(2917, 36, 103, 461),
(2918, 36, 105, 479),
(2919, 36, 112, 531),
(2920, 36, 82, 629),
(2921, 36, 5, 5),
(2922, 36, 81, 165),
(2923, 36, 12, 12),
(2924, 36, 111, 628),
(2925, 36, 113, 593),
(2926, 36, 114, 682),
(2927, 39, 11, 11),
(2928, 39, 101, 694),
(2929, 39, 107, 504),
(2930, 39, 103, 461),
(2931, 39, 105, 479),
(2932, 39, 112, 531),
(2933, 39, 82, 629),
(2934, 39, 5, 5),
(2935, 39, 81, 165),
(2936, 39, 12, 12),
(2937, 39, 111, 628),
(2938, 39, 113, 593),
(2939, 39, 114, 682),
(2940, 44, 11, 11),
(2941, 44, 101, 450),
(2942, 44, 107, 503),
(2943, 44, 103, 461),
(2944, 44, 105, 479),
(2945, 44, 112, 531),
(2946, 44, 82, 178),
(2947, 44, 5, 5),
(2948, 44, 81, 165),
(2949, 44, 12, 12),
(2950, 44, 111, 628),
(2951, 44, 113, 593),
(2952, 44, 114, 682),
(2966, 42, 11, 11),
(2967, 42, 101, 450),
(2968, 42, 107, 503),
(2969, 42, 103, 461),
(2970, 42, 105, 479),
(2971, 42, 112, 531),
(2972, 42, 82, 178),
(2973, 42, 5, 5),
(2974, 42, 81, 165),
(2975, 42, 12, 12),
(2976, 42, 111, 628),
(2977, 42, 113, 593),
(2978, 42, 114, 682);

-- --------------------------------------------------------

--
-- Table structure for table `groups_old`
--

CREATE TABLE IF NOT EXISTS `groups_old` (
  `id` int(11) unsigned NOT NULL AUTO_INCREMENT,
  `name` varchar(255) NOT NULL,
  `description` text NOT NULL,
  `access` text NOT NULL,
  `status` tinyint(4) NOT NULL DEFAULT '1',
  `access_module` text NOT NULL,
  `display_name` varchar(255) NOT NULL,
  `default_home` int(11) unsigned NOT NULL,
  `creator` bigint(11) unsigned NOT NULL,
  `date_created` datetime NOT NULL,
  `submitter` bigint(11) unsigned NOT NULL,
  `date_submitted` datetime NOT NULL DEFAULT '0000-00-00 00:00:00',
  PRIMARY KEY (`id`)
) ENGINE=InnoDB  DEFAULT CHARSET=utf8 AUTO_INCREMENT=45 ;

--
-- Dumping data for table `groups_old`
--

INSERT INTO `groups_old` (`id`, `name`, `description`, `access`, `status`, `access_module`, `display_name`, `default_home`, `creator`, `date_created`, `submitter`, `date_submitted`) VALUES
(31, 'Super Administrator', 'Super Administrator', '101111111111111101101111111111111111111111111111111111111111111111111111111100000000111111111111111111111111111111111111110000000011111111111111111111111111111111011111111111111111111111111111101111111111111111111111111111100000111100000011110000000000000000000001000000000000000000000000000000000000000000000000000000000000000000000000011001111100000000000000000000000000000000000000011100000000010001100000000000000000000000000000000000000000000000110110001000', 1, '10110010101010110000010000010', 'Super Administrator', 101, 1, '2011-08-01 20:21:29', 1, '2012-01-13 14:53:31'),
(35, 'Employee', 'Employee', '11111110001010000000000000000000000000000000000000000000000000000000000000000000000000010000000000000000000000000000000000000000000000001100000000000000100000000000000000000000000000000000000000000000000010000000', 1, '1010000001000000', 'Employee', 11, 1, '2011-08-19 16:00:16', 1, '2011-08-19 16:00:16'),
(36, 'Manager', 'Manager', '100111111011111100111111111011111110000000000000010111111111111001111000000000000000011101111111111111100001111111111111110000000011111000000111111111111111111111011111111111111111111111111111101111111111000111111111111100100000111100000011110000000000000000000000000000000000000000000000000000000000000000000000000000000000000000000000011001111100000000000000000000000000000000000000001100000000010001100000000000000000000000000000000000000000000000110110001000', 1, '10110010101010110000010000010', 'Manager', 101, 1, '2011-08-19 16:06:55', 1, '2011-08-19 16:06:55'),
(39, 'Supervisor', 'Supervisor', '100000000000000001001111010000110000000000011111100000001111001111000000000000000000001111111111110000000000111110011110000000011111000000111100000000111000000000111111111111111111111111111100011111110000000000001111100000000111100000011110000000000000000000000000000000000000000000000000000000000000000000000000000000000000000000000010001110100000000000000000000000000000000000000001100000000010000100000000000000000000000000000000000000000000000100000001000', 1, '10010101010110000000000000', 'Supervisor', 101, 1, '2011-11-14 16:20:01', 1, '2011-11-14 16:20:01'),
(40, 'Timesheet Login', 'Timesheet Login', '100000000000001100000000000000000000000000000000000000000000000000000000000000000000000000000000000000000001100000001000000000000000000000000000000000000000000000000000000000000000000000000000000000000000000000000000000000000000000000000000000000000000000000000000000000000000000000000000000000000000000000000000000000000000000000000000000000000000000000000000000000010000000', 1, '1000000', 'Timesheet Login', 11, 1, '2012-01-11 16:45:42', 1, '2012-01-11 16:49:56'),
(41, 'Job Tracking Login', 'Job Tracking Login', '110000000000000000000000010000000000000000000000000000000000000000000000000000000000000000000000000000000000000000000000000000000001100000001000000000000000000000000000000000000000000000000000000000000000000000000000000000000000000000000000000000000000000000000000000000000000000000000000000000000000000000000000000000000000000000000000000000000000000000000000000000000000000000000000000000010000000', 1, '1000000', 'Job Tracking Login', 11, 1, '2012-01-11 16:46:01', 1, '2012-01-11 16:49:46'),
(42, 'Administrator', 'Administrator', '11111011111100001000000000000000000000000011101011000001000001110000000000000000011101111111111111100001111111111111100000000010011000000011111111111000111111011111111111111111111111111111101111110001000000000000000001100000010100000011110000000000000000000001000000000000000000000000000000000000000000000000000000000000000000000000010001111100000000000000000000000000000000000000001100000000010000100000000000000000000000000000000000000000000000100110001000', 1, '10010010101010010000010000010', 'Administrator', 101, 1, '2012-01-13 14:53:47', 1, '2012-01-13 14:53:47'),
(43, 'General Manager', 'General Manager', '100111111111111111111111111010000110000000000011111111111111111001111000000000000000011001111111111110000001111111111111110000000011111000101111111111111111111111011111111111111111111111111111101111111111000001000011111110100000111100000011110000000000000000000001000000000000000000000000000000000000000000000000000000000000000000000000011001111100000000000000000000000000000000000000001100000000010001100000000000000000000000000000000000000000000000110110001000', 1, '10110010101010110000010000010', 'General Manager', 101, 1, '2012-02-02 21:41:51', 1, '2012-02-02 21:41:51'),
(44, 'Stocktake', 'Stocktake', '11111011111100000000000000000000000000000000000000000000000000000000000000000000000000000000000000000000000000000000000000000000000000000000000000000000000000000000000000000000000000000000000000000000000000000000000000000000000000000000000000000000000000000000000000000000000000000000000000000000000000000000000000000000000000000000000000000000000000000000000000000000000000000000000000000000000000000000000000000000000000000000000000000000000000000000000000', 1, '10000000000000000000000000000', 'Stocktake', 114, 1, '2015-05-27 16:13:01', 1, '2015-05-28 00:00:00');

-- --------------------------------------------------------

--
-- Table structure for table `logs_notes`
--

CREATE TABLE IF NOT EXISTS `logs_notes` (
  `id` bigint(11) unsigned NOT NULL AUTO_INCREMENT,
  `action_type` tinyint(4) NOT NULL,
  `table_name` varchar(255) NOT NULL,
  `foreign_id` bigint(11) unsigned NOT NULL,
  `description` text NOT NULL,
  `submitter` bigint(11) unsigned NOT NULL,
  `date_submitted` datetime NOT NULL DEFAULT '0000-00-00 00:00:00',
  PRIMARY KEY (`id`),
  KEY `foreign_id` (`foreign_id`),
  KEY `date_submitted` (`date_submitted`),
  KEY `submitter` (`submitter`),
  KEY `item_type` (`action_type`),
  KEY `table` (`table_name`),
  KEY `item_type_2` (`action_type`,`table_name`),
  KEY `item_type_3` (`action_type`,`table_name`,`foreign_id`),
  KEY `table_name` (`table_name`,`foreign_id`)
) ENGINE=InnoDB  DEFAULT CHARSET=utf8 AUTO_INCREMENT=7 ;

--
-- Dumping data for table `logs_notes`
--

INSERT INTO `logs_notes` (`id`, `action_type`, `table_name`, `foreign_id`, `description`, `submitter`, `date_submitted`) VALUES
(1, 2, 'groups', 13, 'Sed suscipit scelerisque dui, vitae sed.\r\n', 1, '2011-08-01 19:54:51'),
(2, 2, 'groups', 28, 'Maecenas eget leo sit amet lacus nullam.\r\n', 1, '2011-08-01 19:58:16'),
(3, 2, 'accounts', 3, 'Phasellus mollis suscipit eleifend? sed.\r\n', 1, '2011-08-01 20:01:29'),
(4, 2, 'packages_notes', 9, 'Proin nec nulla velit. Aenean nec metus.\r\n', 1, '2011-08-01 20:12:34'),
(5, 4, 'groups', 31, 'In iaculis purus eu metus mollis ultrices. Cras tempor porta blandit. Aliquam eget sapien et arcu venenatis posuere. Vestibulum ante ipsum primis in faucibus orci luctus et ultrices posuere cubilia Curae; Vivamus in ante lorem. Fusce consectetur massa quis nunc tempus faucibus consequat orci condimentum. Sed id tellus quam. Vestibulum non est nec massa vestibulum aliquam eget quis eros. Sed ut felis porta mauris volutpat euismod in quis risus.\r\n\r\nQuisque nec felis purus, nec egestas erat. Vestibulum ullamcorper lobortis aliquet. Integer sodales varius tristique. Sed pellentesque ornare molestie. Donec cursus tortor vel odio pellentesque adipiscing. Vivamus ut enim velit. Nunc sit amet orci lectus, vel scelerisque ante.\r\n\r\nAenean feugiat consectetur orci at tincidunt. Sed id odio dolor, ut auctor neque! Proin in velit odio; sed dignissim libero? Phasellus a vestibulum odio. Fusce vel erat lorem, vitae ullamcorper magna? Cras feugiat varius metus, ac mollis ligula luctus et. Pellentesque habitant morbi tristique senectus et netus et malesuada fames ac turpis egestas. Vestibulum tristique libero vel urna blandit auctor id non dui. Nulla facilisi. Donec pretium mauris eget lectus blandit faucibus. Sed id magna ante. Suspendisse potenti.\r\n', 15, '2012-01-06 17:23:50'),
(6, 4, 'jobs', 3, 'asdf', 15, '2012-01-12 15:09:44');

-- --------------------------------------------------------

--
-- Table structure for table `modules`
--

CREATE TABLE IF NOT EXISTS `modules` (
  `id` bigint(11) unsigned NOT NULL AUTO_INCREMENT,
  `name` varchar(255) NOT NULL,
  `ordering` int(11) unsigned NOT NULL,
  `permission` text NOT NULL,
  `sub_module_id` bigint(11) unsigned NOT NULL,
  `display_name` varchar(255) NOT NULL,
  `description` text NOT NULL,
  `icon` varchar(255) NOT NULL,
  `menu` tinyint(4) NOT NULL,
  `main_menu` tinyint(4) NOT NULL,
  `status` int(11) unsigned NOT NULL DEFAULT '1',
  `submitter` bigint(11) unsigned NOT NULL,
  `date_submitted` datetime NOT NULL,
  PRIMARY KEY (`id`)
) ENGINE=InnoDB  DEFAULT CHARSET=utf8 AUTO_INCREMENT=115 ;

--
-- Dumping data for table `modules`
--

INSERT INTO `modules` (`id`, `name`, `ordering`, `permission`, `sub_module_id`, `display_name`, `description`, `icon`, `menu`, `main_menu`, `status`, `submitter`, `date_submitted`) VALUES
(5, 'Users', 8, '10', 5, 'Users', '<p>Far far away, behind the word mountains, far from the countries Vokalia and Consonantia, there live the blind texts. Separated they live in Bookmarksgrove right at the coast of the Semantics, a large language ocean. A small river named Duden flows by their place and supplies it with the necessary </p>', 'icons/staff', 1, 1, 1, 1, '2011-08-23 16:29:57'),
(11, 'Home', 1, '1000000', 11, 'Home', '<p>Far far away, behind the word mountains, far from the countries Vokalia and Consonantia, there live the blind texts. Separated they live in Bookmarksgrove right at the coast of the Semantics, a large language ocean. A small river named Duden flows by their place and supplies it with the necessary </p>', 'icons/home', 1, 0, 1, 1, '2011-11-14 15:03:02'),
(12, 'Setup', 10, '10000000', 12, 'Settings', '<p>Far far away, behind the word mountains, far from the countries Vokalia and Consonantia, there live the blind texts. Separated they live in Bookmarksgrove right at the coast of the Semantics, a large language ocean. A small river named Duden flows by their place and supplies it with the necessary </p>', 'icons/setup', 1, 1, 1, 1, '2011-12-09 16:39:07'),
(81, 'My Account', 9, '10000000000000', 165, 'My Account', '<p>Far far away, behind the word mountains, far from the countries Vokalia and Consonantia, there live the blind texts. Separated they live in Bookmarksgrove right at the coast of the Semantics, a large language ocean. A small river named Duden flows by their place and supplies it with the necessary </p>', 'icons/my_account', 1, 1, 1, 1, '2011-07-25 17:56:13'),
(82, 'reports', 7, '100000000000000', 178, 'Reports', '<p>Far far away, behind the word mountains, far from the countries Vokalia and Consonantia, there live the blind texts. Separated they live in Bookmarksgrove right at the coast of the Semantics, a large language ocean. A small river named Duden flows by their place and supplies it with the necessary </p>', 'images/icons/reports', 1, 0, 1, 1, '2012-01-19 13:08:35'),
(101, 'Tasks', 2, '10000000000000000', 450, 'Tasks', '<p>Far far away, behind the word mountains, far from the countries Vokalia and Consonantia, there live the blind texts. Separated they live in Bookmarksgrove right at the coast of the Semantics, a large language ocean. A small river named Duden flows by their place and supplies it with the necessary </p>', 'images/tasks', 1, 0, 1, 1, '2012-01-19 16:48:06'),
(103, 'Request', 4, '1000000000000000000', 11, 'Quotes', '<p>Far far away, behind the word mountains, far from the countries Vokalia and Consonantia, there live the blind texts. Separated they live in Bookmarksgrove right at the coast of the Semantics, a large language ocean. A small river named Duden flows by their place and supplies it with the necessary </p>', 'images/icon/request', 1, 0, 1, 1, '2011-11-14 15:02:32'),
(105, 'Jobs', 5, '100000000000000000000', 450, 'Jobs', 'asas', 'images/icons/jobs.ico', 1, 0, 1, 1, '2011-11-14 16:40:56'),
(107, 'Contacts', 3, '10000000000000000000000', 466, 'Contacts', 'Contacts', 'Contacts', 1, 0, 1, 1, '2011-12-20 14:56:57'),
(111, 'Calendar', 11, '10000000000000000000000000', 628, 'Calendar', 'Company Job Schedules', 'icons/calendar.png', 1, 0, 1, 1, '2012-01-19 13:00:37'),
(112, 'Payroll', 6, '100000000000000000000000000', 600, 'Payroll', 'Payroll', 'Payroll', 1, 0, 1, 1, '2012-01-19 12:59:24'),
(113, 'Tablet', 12, '1000000000000000000000000000', 452, 'Tablet', 'Tablet', 'Tablet', 0, 0, 1, 1, '2012-01-25 18:00:46'),
(114, 'Stock', 13, '10000000000000000000000000000', 682, 'Stock', 'Stock', 'Stock', 1, 0, 1, 1, '2014-05-19 11:47:12');

-- --------------------------------------------------------

--
-- Table structure for table `modules_sub`
--

CREATE TABLE IF NOT EXISTS `modules_sub` (
  `id` bigint(11) unsigned NOT NULL,
  `name` varchar(255) NOT NULL,
  `page` varchar(255) NOT NULL,
  `primary_module` int(11) NOT NULL,
  `permission` text NOT NULL,
  `permission_type` varchar(255) NOT NULL,
  `module_type` varchar(255) NOT NULL,
  `first_layer` tinyint(4) NOT NULL,
  `second_layer` tinyint(4) NOT NULL,
  `first_layer_id` bigint(11) unsigned NOT NULL,
  `display_name` varchar(255) NOT NULL,
  `ordering` int(11) unsigned NOT NULL,
  `status` int(11) unsigned NOT NULL DEFAULT '1',
  `asset_type` char(50) NOT NULL,
  `submitter` bigint(11) unsigned NOT NULL,
  `date_submitted` datetime NOT NULL,
  PRIMARY KEY (`id`)
) ENGINE=InnoDB DEFAULT CHARSET=utf8;

--
-- Dumping data for table `modules_sub`
--

INSERT INTO `modules_sub` (`id`, `name`, `page`, `primary_module`, `permission`, `permission_type`, `module_type`, `first_layer`, `second_layer`, `first_layer_id`, `display_name`, `ordering`, `status`, `asset_type`, `submitter`, `date_submitted`) VALUES
(5, 'Staff List', 'staff', 5, '1000', 'read', 'Staff', 0, 0, 0, 'Users', 0, 1, 'page', 1, '2011-08-07 03:01:44'),
(11, 'Dashboard', 'home', 11, '10000000', 'read', 'Home', 0, 0, 0, 'Dashboard', 0, 1, 'page', 1, '2011-11-11 15:31:08'),
(12, 'Setup', 'setup', 12, '100000000', 'write', 'setup', 0, 0, 0, 'My Business Details', 0, 1, 'page', 1, '2011-06-09 21:47:11'),
(19, 'Staff Create', 'staff_create', 5, '10000000000', 'write', 'Staff', 0, 0, 0, 'Create User', 0, 1, 'page', 1, '2011-02-19 07:08:17'),
(21, 'Staff Details', 'staff_details', 5, '100000000000', 'read', 'Staff', 0, 0, 0, 'User Details', 0, 1, 'page', 1, '2011-02-19 07:08:27'),
(164, 'Help', 'help', 80, '10000000000000000000000000000000000000000000000000000000000', 'read', 'help', 1, 0, 0, 'Help', 0, 1, 'page', 1, '2011-11-11 14:05:43'),
(165, 'My Account', 'my_account', 81, '100000000000000000000000000000000000000000000000000000000000', 'write', 'My Account', 0, 0, 0, 'My Account', 0, 1, 'page', 1, '2010-11-18 22:43:48'),
(168, 'Staff Edit', 'staff_edit', 5, '1000000000000000000000000000000000000000000000000000000000000', 'write', 'Staff', 0, 0, 0, 'Edit User', 0, 1, 'page', 1, '2011-02-19 07:08:37'),
(178, 'Reports', 'reports', 82, '10000000000000000000000000000000000000000000000000000000000000000', 'read', 'Reports', 0, 0, 0, 'Reports', 0, 1, 'page', 1, '2010-10-16 00:27:07'),
(219, 'My Account Password', 'my_account_password', 81, '100000000000000000000000000000000000000000000000000000000000000000000000000', 'write', 'Password', 0, 0, 0, 'Change Password', 0, 1, 'page', 1, '2011-06-15 17:32:59'),
(220, 'My Account Date Label', 'my_account_date', 81, '1000000000000000000000000000000000000000000000000000000000000000000000000000', 'write', 'Date Label', 0, 0, 0, 'Date, Time Format', 0, 2, 'page', 1, '2012-01-29 15:29:12'),
(221, 'Setup Logo', 'setup_logo', 12, '10000000000000000000000000000000000000000000000000000000000000000000000000000', 'write', 'Logo', 0, 0, 0, 'Logo', 0, 1, 'page', 1, '2010-11-18 23:11:18'),
(264, 'Staff History', 'staff_history', 5, '100000000000000000000000000000000000000000000000000000000000000000000000000000000000000000000000000000000000000000000', 'read', 'User History', 0, 0, 0, 'User History', 0, 1, 'page', 1, '2012-01-13 15:02:32'),
(265, 'Staff Delete', 'staff_delete', 5, '1000000000000000000000000000000000000000000000000000000000000000000000000000000000000000000000000000000000000000000000', 'delete', 'Staff', 0, 0, 0, 'Delete', 0, 1, 'action', 1, '2011-01-19 22:33:07'),
(266, 'Staff Notes', 'staff_notes', 5, '10000000000000000000000000000000000000000000000000000000000000000000000000000000000000000000000000000000000000000000000', 'read', 'User Notes', 0, 0, 0, 'User Notes', 0, 1, 'page', 1, '2012-01-13 15:02:39'),
(267, 'Staff Notes Write', 'staff_notes_write', 5, '100000000000000000000000000000000000000000000000000000000000000000000000000000000000000000000000000000000000000000000000', 'write', 'User Notes', 0, 0, 0, ' Notes Write', 0, 1, 'action', 1, '2012-01-13 15:02:54'),
(268, 'Staff Notes Delete', 'staff_notes_delete', 5, '1000000000000000000000000000000000000000000000000000000000000000000000000000000000000000000000000000000000000000000000000', 'delete', 'User Notes', 0, 0, 0, 'Notes Delete', 0, 1, 'action', 1, '2012-01-13 15:02:47'),
(271, 'Staff Reports', 'staff_reports', 5, '1000000000000000000000000000000000000000000000000000000000000000000000000000000000000000000000000000000000000000000000000000', 'read', 'Reports', 0, 0, 0, 'Reports', 0, 1, 'page', 1, '2010-12-31 14:59:39'),
(272, 'My Account History', 'my_account_history', 81, '10000000000000000000000000000000000000000000000000000000000000000000000000000000000000000000000000000000000000000000000000000', 'read', 'History', 0, 0, 0, 'History', 0, 1, 'page', 1, '2010-12-31 15:01:38'),
(347, 'Setup Logs', 'setup_logs', 12, '1000000000000000000000000000000000000000000000000000000000000000000000000000000000000000000000000000000000000000000000000000000000000000000000000000000000000000000000000000000000000000000000000000000', 'read', 'Logs', 0, 0, 0, 'Logs', 0, 1, 'page', 1, '2011-08-11 20:26:52'),
(385, 'Forum', 'forum', 97, '100000000000000000000000000000000000000000000000000000000000000000000000000000000000000000000000000000000000000000000000000000000000000000000000000000000000000000000000000000000000000000000000000000000000000000000000', 'read', 'Forum', 0, 0, 0, 'Forum', 0, 1, 'page', 1, '2011-08-23 17:27:12'),
(450, 'Tasks', 'tasks', 101, '10000000000000000000000000000000000000000000000000000000000000000000000000000000000000000000000000000000000000000000000000000000000000000000000000000000000000000000000000000000000000000000000000000000000000000000000000000', 'read', 'Tasks', 0, 0, 0, 'Tasks', 0, 1, 'page', 1, '2012-01-19 16:44:33'),
(451, 'Task Edit', 'tasks_edit', 101, '100000000000000000000000000000000000000000000000000000000000000000000000000000000000000000000000000000000000000000000000000000000000000000000000000000000000000000000000000000000000000000000000000000000000000000000000000000', 'write', 'Tasks', 0, 0, 0, 'Task Edit', 0, 3, 'page', 1, '2012-01-19 16:44:14'),
(452, 'Approve', 'tasks_approve', 101, '1000000000000000000000000000000000000000000000000000000000000000000000000000000000000000000000000000000000000000000000000000000000000000000000000000000000000000000000000000000000000000000000000000000000000000000000000000000', 'read', 'Tasks', 0, 0, 0, 'Approve', 0, 1, 'page', 1, '2012-01-19 16:44:40'),
(453, 'Decide', 'tasks_decide', 101, '10000000000000000000000000000000000000000000000000000000000000000000000000000000000000000000000000000000000000000000000000000000000000000000000000000000000000000000000000000000000000000000000000000000000000000000000000000000', 'read', 'Tasks', 0, 0, 0, 'Decide', 0, 1, 'page', 1, '2012-01-19 16:44:45'),
(461, 'Quotes', 'quote', 103, '100000000000000000000000000000000000000000000000000000000000000000000000000000000000000000000000000000000000000000000000000000000000000000000000000000000000000000000000000000000000000000000000000000000000000000000000000000000000000', 'read', 'Request', 0, 0, 0, 'Quotes', 0, 1, 'page', 1, '2011-12-23 12:36:07'),
(462, 'Quote Create', 'quote_create', 103, '1000000000000000000000000000000000000000000000000000000000000000000000000000000000000000000000000000000000000000000000000000000000000000000000000000000000000000000000000000000000000000000000000000000000000000000000000000000000000000', 'write', 'Request', 0, 0, 0, 'Client Quote Cover Sheet', 0, 1, 'page', 1, '2011-12-23 12:37:36'),
(463, 'Quote Details', 'quote_details', 103, '10000000000000000000000000000000000000000000000000000000000000000000000000000000000000000000000000000000000000000000000000000000000000000000000000000000000000000000000000000000000000000000000000000000000000000000000000000000000000000', 'read', 'Request', 0, 0, 0, 'Quote Details', 0, 1, 'page', 1, '2011-12-23 12:38:08'),
(465, 'Quote Edit', 'quote_edit', 103, '100000000000000000000000000000000000000000000000000000000000000000000000000000000000000000000000000000000000000000000000000000000000000000000000000000000000000000000000000000000000000000000000000000000000000000000000000000000000000000', 'write', 'Request', 0, 0, 0, 'Edit Quote ', 0, 1, 'page', 1, '2011-12-23 12:38:27'),
(472, 'Setup Departments', 'setup_departments', 12, '100000000000000000000000000000000000000000000000000000000000000000000000000000000000000000000000000000000000000000000000000000000000000000000000000000000000000000000000000000000000000000000000000000000000000000000000000000000000000000000000', 'read', 'setup', 0, 0, 0, 'Departments', 0, 3, 'page', 1, '2011-11-14 16:46:42'),
(474, 'Setup Sign Types', 'setup_sign_types', 12, '1000000000000000000000000000000000000000000000000000000000000000000000000000000000000000000000000000000000000000000000000000000000000000000000000000000000000000000000000000000000000000000000000000000000000000000000000000000000000000000000000', 'read', 'Job Types', 0, 0, 0, 'Sign Types', 0, 1, 'page', 1, '2012-01-06 23:11:14'),
(475, 'Setup Labours', 'setup_labours', 12, '10000000000000000000000000000000000000000000000000000000000000000000000000000000000000000000000000000000000000000000000000000000000000000000000000000000000000000000000000000000000000000000000000000000000000000000000000000000000000000000000000', 'read', 'Labours', 0, 0, 0, 'Labours', 0, 1, 'page', 1, '2011-12-09 16:44:40'),
(476, 'Quote Create Labour', 'quote_create_labour', 103, '100000000000000000000000000000000000000000000000000000000000000000000000000000000000000000000000000000000000000000000000000000000000000000000000000000000000000000000000000000000000000000000000000000000000000000000000000000000000000000000000000', 'write', 'Request', 0, 0, 0, 'Create Labour Quotation', 0, 1, 'action', 1, '2011-12-23 12:37:49'),
(477, 'Quote Create Materials', 'quote_create_materials', 103, '1000000000000000000000000000000000000000000000000000000000000000000000000000000000000000000000000000000000000000000000000000000000000000000000000000000000000000000000000000000000000000000000000000000000000000000000000000000000000000000000000000', 'write', 'Request', 0, 0, 0, 'Create Materials Quotation', 0, 1, 'page', 1, '2011-12-23 12:37:58'),
(478, 'form job number', 'form_jobnumbers', 103, '10000000000000000000000000000000000000000000000000000000000000000000000000000000000000000000000000000000000000000000000000000000000000000000000000000000000000000000000000000000000000000000000000000000000000000000000000000000000000000000000000000', 'write', 'Request', 0, 0, 0, 'form job number', 0, 3, 'action', 1, '2011-11-14 13:38:17'),
(479, 'Jobs', 'jobs', 105, '100000000000000000000000000000000000000000000000000000000000000000000000000000000000000000000000000000000000000000000000000000000000000000000000000000000000000000000000000000000000000000000000000000000000000000000000000000000000000000000000000000', 'read', 'Jobs', 0, 0, 0, 'Jobs', 0, 1, 'page', 1, '2011-12-13 16:28:26'),
(480, 'Quote Forward', 'quote_forward', 103, '1000000000000000000000000000000000000000000000000000000000000000000000000000000000000000000000000000000000000000000000000000000000000000000000000000000000000000000000000000000000000000000000000000000000000000000000000000000000000000000000000000000', 'write', 'Request', 0, 0, 0, 'Quote Forward', 0, 1, 'action', 1, '2011-12-23 12:38:36'),
(481, 'Group', 'setup_group', 12, '10000000000000000000000000000000000000000000000000000000000000000000000000000000000000000000000000000000000000000000000000000000000000000000000000000000000000000000000000000000000000000000000000000000000000000000000000000000000000000000000000000000', 'read', 'Groups', 0, 0, 0, 'Groups', 0, 1, 'page', 1, '2011-12-11 14:15:06'),
(482, 'Groups Access', 'setup_group_access', 12, '100000000000000000000000000000000000000000000000000000000000000000000000000000000000000000000000000000000000000000000000000000000000000000000000000000000000000000000000000000000000000000000000000000000000000000000000000000000000000000000000000000000', 'write', 'Groups', 0, 0, 0, 'Access', 0, 1, 'page', 1, '2011-12-11 13:52:39'),
(483, 'Groups Adding Users', 'setup_group_adding_users', 12, '1000000000000000000000000000000000000000000000000000000000000000000000000000000000000000000000000000000000000000000000000000000000000000000000000000000000000000000000000000000000000000000000000000000000000000000000000000000000000000000000000000000000', 'write', 'Groups', 0, 0, 0, 'Adding Users', 0, 1, 'page', 1, '2011-12-11 14:12:53'),
(484, 'Groups Create', 'setup_group_create', 12, '10000000000000000000000000000000000000000000000000000000000000000000000000000000000000000000000000000000000000000000000000000000000000000000000000000000000000000000000000000000000000000000000000000000000000000000000000000000000000000000000000000000000', 'write', 'Groups', 0, 0, 0, 'Groups Create', 0, 1, 'page', 1, '2011-12-11 13:53:51'),
(485, 'Groups Delete', 'setup_group_delete', 12, '100000000000000000000000000000000000000000000000000000000000000000000000000000000000000000000000000000000000000000000000000000000000000000000000000000000000000000000000000000000000000000000000000000000000000000000000000000000000000000000000000000000000', 'delete', 'Groups', 0, 0, 0, 'Groups Delete', 0, 1, 'action', 1, '2011-12-11 14:09:28'),
(486, 'Groups Details', 'setup_group_details', 12, '1000000000000000000000000000000000000000000000000000000000000000000000000000000000000000000000000000000000000000000000000000000000000000000000000000000000000000000000000000000000000000000000000000000000000000000000000000000000000000000000000000000000000', 'read', 'Groups', 0, 0, 0, 'Details', 0, 1, 'page', 1, '2011-12-11 14:09:46'),
(487, 'Groups Edit', 'setup_group_edit', 12, '10000000000000000000000000000000000000000000000000000000000000000000000000000000000000000000000000000000000000000000000000000000000000000000000000000000000000000000000000000000000000000000000000000000000000000000000000000000000000000000000000000000000000', 'write', 'Groups', 0, 0, 0, 'Edit', 0, 1, 'page', 1, '2011-12-11 14:10:24'),
(488, 'Groups Menus', 'setup_group_menus', 12, '100000000000000000000000000000000000000000000000000000000000000000000000000000000000000000000000000000000000000000000000000000000000000000000000000000000000000000000000000000000000000000000000000000000000000000000000000000000000000000000000000000000000000', 'write', 'Groups', 0, 0, 0, 'Menus', 0, 1, 'page', 1, '2011-12-11 14:10:42'),
(489, 'Groups Notes', 'setup_group_notes', 12, '1000000000000000000000000000000000000000000000000000000000000000000000000000000000000000000000000000000000000000000000000000000000000000000000000000000000000000000000000000000000000000000000000000000000000000000000000000000000000000000000000000000000000000', 'read', 'Groups Notes', 0, 0, 0, 'Notes', 0, 1, 'page', 1, '2011-12-11 14:11:04'),
(490, 'Groups Notes Delete', 'setup_group_notes_delete', 12, '10000000000000000000000000000000000000000000000000000000000000000000000000000000000000000000000000000000000000000000000000000000000000000000000000000000000000000000000000000000000000000000000000000000000000000000000000000000000000000000000000000000000000000', 'delete', 'Groups Notes', 0, 0, 0, 'Groups Notes Delete', 0, 1, 'action', 1, '2011-12-11 14:11:25'),
(491, 'Groups Notes Write', 'setup_group_notes_write', 12, '100000000000000000000000000000000000000000000000000000000000000000000000000000000000000000000000000000000000000000000000000000000000000000000000000000000000000000000000000000000000000000000000000000000000000000000000000000000000000000000000000000000000000000', 'write', 'Groups Notes', 0, 0, 0, 'Groups Notes Write', 0, 1, 'action', 1, '2011-12-11 14:11:39'),
(492, 'Passcode', 'passcode', 11, '1000000000000000000000000000000000000000000000000000000000000000000000000000000000000000000000000000000000000000000000000000000000000000000000000000000000000000000000000000000000000000000000000000000000000000000000000000000000000000000000000000000000000000000', 'write', 'Home', 0, 0, 0, 'Passcode', 0, 1, 'page', 1, '2011-12-13 11:00:41'),
(493, 'Jobs Create', 'jobs_create', 105, '10000000000000000000000000000000000000000000000000000000000000000000000000000000000000000000000000000000000000000000000000000000000000000000000000000000000000000000000000000000000000000000000000000000000000000000000000000000000000000000000000000000000000000000', 'write', 'Jobs', 0, 0, 0, 'Create Job', 0, 1, 'page', 1, '2011-12-13 16:06:44'),
(494, 'Jobs Details', 'jobs_details', 105, '100000000000000000000000000000000000000000000000000000000000000000000000000000000000000000000000000000000000000000000000000000000000000000000000000000000000000000000000000000000000000000000000000000000000000000000000000000000000000000000000000000000000000000000', 'read', 'Jobs', 0, 0, 0, 'Jobs Details', 0, 1, 'page', 1, '2011-12-13 16:07:19'),
(495, 'Jobs Edit', 'jobs_edit', 105, '1000000000000000000000000000000000000000000000000000000000000000000000000000000000000000000000000000000000000000000000000000000000000000000000000000000000000000000000000000000000000000000000000000000000000000000000000000000000000000000000000000000000000000000000', 'write', 'Jobs', 0, 0, 0, 'Jobs Edit', 0, 1, 'page', 1, '2011-12-13 16:07:41'),
(496, 'Jobs History', 'jobs_history', 105, '10000000000000000000000000000000000000000000000000000000000000000000000000000000000000000000000000000000000000000000000000000000000000000000000000000000000000000000000000000000000000000000000000000000000000000000000000000000000000000000000000000000000000000000000', 'read', 'Jobs History', 0, 0, 0, 'Jobs History', 0, 1, 'page', 1, '2011-12-13 16:08:22'),
(497, 'Jobs Notes', 'jobs_notes', 105, '100000000000000000000000000000000000000000000000000000000000000000000000000000000000000000000000000000000000000000000000000000000000000000000000000000000000000000000000000000000000000000000000000000000000000000000000000000000000000000000000000000000000000000000000', 'read', 'Jobs Notes', 0, 0, 0, 'Jobs Notes', 0, 1, 'page', 1, '2011-12-13 16:09:04'),
(498, 'Jobs Notes Delete', 'jobs_notes_delete', 105, '1000000000000000000000000000000000000000000000000000000000000000000000000000000000000000000000000000000000000000000000000000000000000000000000000000000000000000000000000000000000000000000000000000000000000000000000000000000000000000000000000000000000000000000000000', 'delete', 'Jobs Notes', 0, 0, 0, 'Jobs Notes Delete', 0, 1, 'action', 1, '2011-12-13 16:09:43'),
(499, 'Jobs Notes Write', 'jobs_note_write', 105, '10000000000000000000000000000000000000000000000000000000000000000000000000000000000000000000000000000000000000000000000000000000000000000000000000000000000000000000000000000000000000000000000000000000000000000000000000000000000000000000000000000000000000000000000000', 'write', 'Jobs Notes', 0, 0, 0, 'Jobs Notes Write', 0, 1, 'action', 1, '2011-12-13 16:10:06'),
(500, 'Timesheet', 'timesheet', 11, '100000000000000000000000000000000000000000000000000000000000000000000000000000000000000000000000000000000000000000000000000000000000000000000000000000000000000000000000000000000000000000000000000000000000000000000000000000000000000000000000000000000000000000000000000', 'write', 'Home', 0, 0, 0, 'Timesheet', 0, 1, 'page', 1, '2011-12-15 11:01:09'),
(501, 'Staff Job Tracking', 'staff_job_tracking', 11, '1000000000000000000000000000000000000000000000000000000000000000000000000000000000000000000000000000000000000000000000000000000000000000000000000000000000000000000000000000000000000000000000000000000000000000000000000000000000000000000000000000000000000000000000000000', 'write', 'Home', 0, 0, 0, 'Staff Job Tracking', 0, 1, 'page', 1, '2011-12-19 15:57:18'),
(503, 'Contacts', 'contacts', 107, '100000000000000000000000000000000000000000000000000000000000000000000000000000000000000000000000000000000000000000000000000000000000000000000000000000000000000000000000000000000000000000000000000000000000000000000000000000000000000000000000000000000000000000000000000000', 'read', 'Contacts', 0, 0, 0, 'Contacts', 0, 1, 'page', 1, '2011-12-20 14:57:32'),
(504, 'Clients List', 'contacts_clients', 107, '1000000000000000000000000000000000000000000000000000000000000000000000000000000000000000000000000000000000000000000000000000000000000000000000000000000000000000000000000000000000000000000000000000000000000000000000000000000000000000000000000000000000000000000000000000000', 'read', 'Clients', 0, 0, 0, 'Clients', 0, 1, 'page', 1, '2011-12-20 14:57:52'),
(505, 'Clients Create', 'contacts_clients_create', 107, '10000000000000000000000000000000000000000000000000000000000000000000000000000000000000000000000000000000000000000000000000000000000000000000000000000000000000000000000000000000000000000000000000000000000000000000000000000000000000000000000000000000000000000000000000000000', 'write', 'Clients', 0, 0, 0, 'Create Client', 0, 1, 'page', 1, '2011-12-20 14:58:09'),
(506, 'Clients Delete', 'contacts_clients_delete', 107, '100000000000000000000000000000000000000000000000000000000000000000000000000000000000000000000000000000000000000000000000000000000000000000000000000000000000000000000000000000000000000000000000000000000000000000000000000000000000000000000000000000000000000000000000000000000', 'delete', 'Clients', 0, 0, 0, 'Delete', 0, 1, 'action', 1, '2011-12-20 14:58:28'),
(507, 'Clients Details', 'contacts_clients_details', 107, '1000000000000000000000000000000000000000000000000000000000000000000000000000000000000000000000000000000000000000000000000000000000000000000000000000000000000000000000000000000000000000000000000000000000000000000000000000000000000000000000000000000000000000000000000000000000', 'read', 'Clients', 0, 0, 0, 'Clients Details', 0, 1, 'page', 1, '2011-12-20 14:58:46'),
(508, 'Clients Edit', 'contacts_clients_edit', 107, '10000000000000000000000000000000000000000000000000000000000000000000000000000000000000000000000000000000000000000000000000000000000000000000000000000000000000000000000000000000000000000000000000000000000000000000000000000000000000000000000000000000000000000000000000000000000', 'write', 'Clients', 0, 0, 0, 'Edit Client ', 0, 1, 'page', 1, '2011-12-20 14:59:01'),
(509, 'Clients History', 'contacts_clients_history', 107, '100000000000000000000000000000000000000000000000000000000000000000000000000000000000000000000000000000000000000000000000000000000000000000000000000000000000000000000000000000000000000000000000000000000000000000000000000000000000000000000000000000000000000000000000000000000000', 'read', 'Clients History', 0, 0, 0, 'Client History', 0, 1, 'page', 1, '2011-12-20 14:59:26'),
(510, 'Clients Notes', 'contacts_clients_notes', 107, '1000000000000000000000000000000000000000000000000000000000000000000000000000000000000000000000000000000000000000000000000000000000000000000000000000000000000000000000000000000000000000000000000000000000000000000000000000000000000000000000000000000000000000000000000000000000000', 'read', 'Client Notes', 0, 0, 0, 'Client Notes', 0, 1, 'page', 1, '2011-12-20 14:59:57'),
(511, 'Clients Notes Delete', 'contacts_clients_notes_delete', 107, '10000000000000000000000000000000000000000000000000000000000000000000000000000000000000000000000000000000000000000000000000000000000000000000000000000000000000000000000000000000000000000000000000000000000000000000000000000000000000000000000000000000000000000000000000000000000000', 'delete', 'Client Notes', 0, 0, 0, 'Notes Delete', 0, 1, 'action', 1, '2011-12-20 15:00:16'),
(512, 'Clients Notes Write', 'contacts_clients_notes_write', 107, '100000000000000000000000000000000000000000000000000000000000000000000000000000000000000000000000000000000000000000000000000000000000000000000000000000000000000000000000000000000000000000000000000000000000000000000000000000000000000000000000000000000000000000000000000000000000000', 'write', 'Client Notes', 0, 0, 0, 'Notes Write', 0, 1, 'action', 1, '2011-12-20 15:00:32'),
(513, 'Contacts', 'contacts_people', 107, '1000000000000000000000000000000000000000000000000000000000000000000000000000000000000000000000000000000000000000000000000000000000000000000000000000000000000000000000000000000000000000000000000000000000000000000000000000000000000000000000000000000000000000000000000000000000000000', 'read', 'Contacts', 0, 0, 0, 'Contacts', 0, 1, 'page', 1, '2011-12-20 15:03:23'),
(514, 'Contacts Create', 'contacts_people_create', 107, '10000000000000000000000000000000000000000000000000000000000000000000000000000000000000000000000000000000000000000000000000000000000000000000000000000000000000000000000000000000000000000000000000000000000000000000000000000000000000000000000000000000000000000000000000000000000000000', 'write', 'Contacts', 0, 0, 0, 'Create Contact', 0, 1, 'page', 1, '2011-12-20 15:01:32'),
(515, 'Contacts Details', 'contacts_people_details', 107, '100000000000000000000000000000000000000000000000000000000000000000000000000000000000000000000000000000000000000000000000000000000000000000000000000000000000000000000000000000000000000000000000000000000000000000000000000000000000000000000000000000000000000000000000000000000000000000', 'read', 'Contacts', 0, 0, 0, 'Contact Details', 0, 1, 'page', 1, '2011-12-20 15:03:46'),
(516, 'Contacts Edit', 'contacts_people_edit', 107, '1000000000000000000000000000000000000000000000000000000000000000000000000000000000000000000000000000000000000000000000000000000000000000000000000000000000000000000000000000000000000000000000000000000000000000000000000000000000000000000000000000000000000000000000000000000000000000000', 'write', 'Contacts', 0, 0, 0, 'Edit Contact', 0, 1, 'page', 1, '2011-12-20 15:04:04'),
(517, 'Contacts History', 'contacts_people_history', 107, '10000000000000000000000000000000000000000000000000000000000000000000000000000000000000000000000000000000000000000000000000000000000000000000000000000000000000000000000000000000000000000000000000000000000000000000000000000000000000000000000000000000000000000000000000000000000000000000', 'read', 'Contacts History', 0, 0, 0, 'Contacts History', 0, 1, 'page', 1, '2011-12-20 15:04:31'),
(518, 'Contacts Notes', 'contacts_people_notes', 107, '100000000000000000000000000000000000000000000000000000000000000000000000000000000000000000000000000000000000000000000000000000000000000000000000000000000000000000000000000000000000000000000000000000000000000000000000000000000000000000000000000000000000000000000000000000000000000000000', 'read', 'Contacts Notes', 0, 0, 0, 'Contacts Notes', 0, 1, 'page', 1, '2011-12-20 15:04:51'),
(519, 'Contacts Notes Delete', 'contacts_people_notes_delete', 107, '1000000000000000000000000000000000000000000000000000000000000000000000000000000000000000000000000000000000000000000000000000000000000000000000000000000000000000000000000000000000000000000000000000000000000000000000000000000000000000000000000000000000000000000000000000000000000000000000', 'delete', 'Contacts Notes', 0, 0, 0, 'Notes Delete', 0, 1, 'action', 1, '2011-12-20 15:05:11'),
(520, 'Contacts Notes Write', 'contacts_people_notes_write', 107, '10000000000000000000000000000000000000000000000000000000000000000000000000000000000000000000000000000000000000000000000000000000000000000000000000000000000000000000000000000000000000000000000000000000000000000000000000000000000000000000000000000000000000000000000000000000000000000000000', 'write', 'Contacts Notes', 0, 0, 0, 'Notes Write', 0, 1, 'action', 1, '2011-12-20 15:05:33'),
(521, 'Suppliers', 'contacts_suppliers', 107, '100000000000000000000000000000000000000000000000000000000000000000000000000000000000000000000000000000000000000000000000000000000000000000000000000000000000000000000000000000000000000000000000000000000000000000000000000000000000000000000000000000000000000000000000000000000000000000000000', 'read', 'Suppliers', 0, 0, 0, 'Suppliers', 0, 1, 'page', 1, '2011-12-20 15:05:51'),
(522, 'Suppliers Create', 'contacts_suppliers_create', 107, '1000000000000000000000000000000000000000000000000000000000000000000000000000000000000000000000000000000000000000000000000000000000000000000000000000000000000000000000000000000000000000000000000000000000000000000000000000000000000000000000000000000000000000000000000000000000000000000000000', 'write', 'Suppliers', 0, 0, 0, 'Create Supplier', 0, 1, 'page', 1, '2011-12-20 15:06:10'),
(523, 'Suppliers Details', 'contacts_suppliers_details', 107, '10000000000000000000000000000000000000000000000000000000000000000000000000000000000000000000000000000000000000000000000000000000000000000000000000000000000000000000000000000000000000000000000000000000000000000000000000000000000000000000000000000000000000000000000000000000000000000000000000', 'read', 'Suppliers', 0, 0, 0, 'Supplier Details', 0, 1, 'page', 1, '2011-12-20 15:06:41'),
(524, 'Suppliers Edit', 'contacts_suppliers_edit', 107, '100000000000000000000000000000000000000000000000000000000000000000000000000000000000000000000000000000000000000000000000000000000000000000000000000000000000000000000000000000000000000000000000000000000000000000000000000000000000000000000000000000000000000000000000000000000000000000000000000', 'write', 'Suppliers', 0, 0, 0, 'Edit Supplier', 0, 1, 'page', 1, '2011-12-20 15:07:09'),
(525, 'Suppliers History', 'contacts_suppliers_history', 107, '1000000000000000000000000000000000000000000000000000000000000000000000000000000000000000000000000000000000000000000000000000000000000000000000000000000000000000000000000000000000000000000000000000000000000000000000000000000000000000000000000000000000000000000000000000000000000000000000000000', 'read', 'Suppliers History', 0, 0, 0, 'Supplier History ', 0, 1, 'page', 1, '2011-12-20 15:07:38'),
(526, 'Suppliers Notes', 'contacts_suppliers_notes', 107, '10000000000000000000000000000000000000000000000000000000000000000000000000000000000000000000000000000000000000000000000000000000000000000000000000000000000000000000000000000000000000000000000000000000000000000000000000000000000000000000000000000000000000000000000000000000000000000000000000000', 'read', 'Suppliers Notes', 0, 0, 0, 'Supplier Notes', 0, 1, 'page', 1, '2011-12-20 15:08:07'),
(527, 'Suppliers Notes Delete', 'contacts_suppliers_notes_delete', 107, '100000000000000000000000000000000000000000000000000000000000000000000000000000000000000000000000000000000000000000000000000000000000000000000000000000000000000000000000000000000000000000000000000000000000000000000000000000000000000000000000000000000000000000000000000000000000000000000000000000', 'delete', 'Suppliers Notes', 0, 0, 0, 'Suppliers Notes Delete', 0, 1, 'action', 1, '2011-12-20 15:08:34'),
(528, 'Suppliers Notes Write', 'contacts_suppliers_notes_write', 107, '1000000000000000000000000000000000000000000000000000000000000000000000000000000000000000000000000000000000000000000000000000000000000000000000000000000000000000000000000000000000000000000000000000000000000000000000000000000000000000000000000000000000000000000000000000000000000000000000000000000', 'write', 'Suppliers Notes', 0, 0, 0, 'Suppliers Notes Write', 0, 1, 'action', 1, '2011-12-20 15:08:55'),
(529, 'Suppliers Contacts', 'contacts_suppliers_people', 107, '10000000000000000000000000000000000000000000000000000000000000000000000000000000000000000000000000000000000000000000000000000000000000000000000000000000000000000000000000000000000000000000000000000000000000000000000000000000000000000000000000000000000000000000000000000000000000000000000000000000', 'read', 'Suppliers Contacts', 0, 0, 0, 'Contacts', 0, 1, 'page', 1, '2011-12-20 15:09:47'),
(530, 'Suppliers Contacts Write', 'contacts_suppliers_people_write', 107, '100000000000000000000000000000000000000000000000000000000000000000000000000000000000000000000000000000000000000000000000000000000000000000000000000000000000000000000000000000000000000000000000000000000000000000000000000000000000000000000000000000000000000000000000000000000000000000000000000000000', 'write', 'Suppliers Contacts', 0, 0, 0, 'Suppliers Contacts Write', 0, 1, 'page', 1, '2011-12-20 15:10:08'),
(531, 'Timesheets', 'timesheets', 112, '1000000000000000000000000000000000000000000000000000000000000000000000000000000000000000000000000000000000000000000000000000000000000000000000000000000000000000000000000000000000000000000000000000000000000000000000000000000000000000000000000000000000000000000000000000000000000000000000000000000000', 'read', 'Timesheets', 0, 0, 0, 'Timesheets', 0, 1, 'page', 1, '2011-12-21 01:17:03'),
(532, 'Timesheets Create', 'timesheets_create', 112, '10000000000000000000000000000000000000000000000000000000000000000000000000000000000000000000000000000000000000000000000000000000000000000000000000000000000000000000000000000000000000000000000000000000000000000000000000000000000000000000000000000000000000000000000000000000000000000000000000000000000', 'write', 'Timesheets', 0, 0, 0, 'Create Timesheet', 0, 1, 'page', 1, '2011-12-23 10:27:46'),
(534, 'Timesheets Details', 'timesheets_details', 112, '1000000000000000000000000000000000000000000000000000000000000000000000000000000000000000000000000000000000000000000000000000000000000000000000000000000000000000000000000000000000000000000000000000000000000000000000000000000000000000000000000000000000000000000000000000000000000000000000000000000000000', 'read', 'Timesheets', 0, 0, 0, 'Timesheets Details', 0, 1, 'page', 1, '2011-12-21 01:18:10'),
(535, 'Timesheets Edit', 'timesheets_edit', 112, '10000000000000000000000000000000000000000000000000000000000000000000000000000000000000000000000000000000000000000000000000000000000000000000000000000000000000000000000000000000000000000000000000000000000000000000000000000000000000000000000000000000000000000000000000000000000000000000000000000000000000', 'write', 'Timesheets', 0, 0, 0, 'Timesheets Edit', 0, 1, 'page', 1, '2011-12-21 01:18:36'),
(536, 'Timesheets History', 'timesheets_history', 112, '100000000000000000000000000000000000000000000000000000000000000000000000000000000000000000000000000000000000000000000000000000000000000000000000000000000000000000000000000000000000000000000000000000000000000000000000000000000000000000000000000000000000000000000000000000000000000000000000000000000000000', 'read', 'Timesheets History', 0, 0, 0, 'Timesheets History', 0, 1, 'page', 1, '2011-12-21 01:22:39'),
(537, 'Timesheets Notes', 'timesheets_notes', 112, '1000000000000000000000000000000000000000000000000000000000000000000000000000000000000000000000000000000000000000000000000000000000000000000000000000000000000000000000000000000000000000000000000000000000000000000000000000000000000000000000000000000000000000000000000000000000000000000000000000000000000000', 'read', 'Timesheets Notes', 0, 0, 0, 'Timesheets Notes', 0, 1, 'page', 1, '2011-12-21 01:23:17'),
(538, 'Timesheets Notes Delete', 'timesheets_notes_delete', 112, '10000000000000000000000000000000000000000000000000000000000000000000000000000000000000000000000000000000000000000000000000000000000000000000000000000000000000000000000000000000000000000000000000000000000000000000000000000000000000000000000000000000000000000000000000000000000000000000000000000000000000000', 'delete', 'Timesheets Notes', 0, 0, 0, 'Timesheets Notes Delete', 0, 1, 'action', 1, '2011-12-21 01:23:51'),
(539, 'Timesheets Notes Write', 'timesheets_notes_write', 112, '100000000000000000000000000000000000000000000000000000000000000000000000000000000000000000000000000000000000000000000000000000000000000000000000000000000000000000000000000000000000000000000000000000000000000000000000000000000000000000000000000000000000000000000000000000000000000000000000000000000000000000', 'write', 'Timesheets Notes', 0, 0, 0, 'Timesheets Notes Write', 0, 1, 'action', 1, '2011-12-21 01:24:25'),
(540, 'Jobs Requirements List', 'jobs_details_requirements', 105, '1000000000000000000000000000000000000000000000000000000000000000000000000000000000000000000000000000000000000000000000000000000000000000000000000000000000000000000000000000000000000000000000000000000000000000000000000000000000000000000000000000000000000000000000000000000000000000000000000000000000000000000', 'write', 'Jobs', 0, 0, 0, 'Job Requirements', 0, 1, 'page', 1, '2011-12-21 01:29:13'),
(541, 'Job Details Labour', 'jobs_details_labour', 105, '10000000000000000000000000000000000000000000000000000000000000000000000000000000000000000000000000000000000000000000000000000000000000000000000000000000000000000000000000000000000000000000000000000000000000000000000000000000000000000000000000000000000000000000000000000000000000000000000000000000000000000000', 'write', 'Jobs', 0, 0, 0, 'Labour Allowed Hours', 0, 1, 'page', 1, '2012-01-06 01:20:09'),
(542, 'Jobs Details Materials', 'jobs_details_materials', 105, '100000000000000000000000000000000000000000000000000000000000000000000000000000000000000000000000000000000000000000000000000000000000000000000000000000000000000000000000000000000000000000000000000000000000000000000000000000000000000000000000000000000000000000000000000000000000000000000000000000000000000000000', 'write', 'Jobs', 0, 0, 0, 'Materials Budget', 0, 1, 'page', 1, '2012-03-08 18:15:04'),
(543, 'Leaves', 'leaves', 112, '1000000000000000000000000000000000000000000000000000000000000000000000000000000000000000000000000000000000000000000000000000000000000000000000000000000000000000000000000000000000000000000000000000000000000000000000000000000000000000000000000000000000000000000000000000000000000000000000000000000000000000000000', 'read', 'Leaves', 0, 0, 0, 'Leave', 0, 1, 'page', 1, '2012-02-28 18:12:07'),
(544, 'Leaves Create', 'leaves_create', 112, '10000000000000000000000000000000000000000000000000000000000000000000000000000000000000000000000000000000000000000000000000000000000000000000000000000000000000000000000000000000000000000000000000000000000000000000000000000000000000000000000000000000000000000000000000000000000000000000000000000000000000000000000', 'write', 'Leaves', 0, 0, 0, 'Create Leave', 0, 1, 'page', 1, '2012-02-28 18:12:07'),
(545, 'Leaves Details', 'leaves_details', 112, '100000000000000000000000000000000000000000000000000000000000000000000000000000000000000000000000000000000000000000000000000000000000000000000000000000000000000000000000000000000000000000000000000000000000000000000000000000000000000000000000000000000000000000000000000000000000000000000000000000000000000000000000', 'read', 'Leaves', 0, 0, 0, 'Leave Details', 0, 1, 'page', 1, '2012-02-28 18:12:07'),
(546, 'Leaves Edit', 'leaves_edit', 112, '1000000000000000000000000000000000000000000000000000000000000000000000000000000000000000000000000000000000000000000000000000000000000000000000000000000000000000000000000000000000000000000000000000000000000000000000000000000000000000000000000000000000000000000000000000000000000000000000000000000000000000000000000', 'write', 'Leaves', 0, 0, 0, 'Leave Edit', 0, 1, 'page', 1, '2012-02-28 18:12:07'),
(547, 'Leaves History', 'leaves_history', 112, '10000000000000000000000000000000000000000000000000000000000000000000000000000000000000000000000000000000000000000000000000000000000000000000000000000000000000000000000000000000000000000000000000000000000000000000000000000000000000000000000000000000000000000000000000000000000000000000000000000000000000000000000000', 'read', 'Leaves History', 0, 0, 0, 'Leave History', 0, 1, 'page', 1, '2012-02-28 18:12:07'),
(548, 'Leaves Notes', 'leaves_notes', 112, '100000000000000000000000000000000000000000000000000000000000000000000000000000000000000000000000000000000000000000000000000000000000000000000000000000000000000000000000000000000000000000000000000000000000000000000000000000000000000000000000000000000000000000000000000000000000000000000000000000000000000000000000000', 'read', 'Leaves Notes', 0, 0, 0, 'Leave Notes', 0, 1, 'page', 1, '2012-02-28 18:12:07'),
(549, 'Leaves Notes Delete', 'leaves_notes_delete', 112, '1000000000000000000000000000000000000000000000000000000000000000000000000000000000000000000000000000000000000000000000000000000000000000000000000000000000000000000000000000000000000000000000000000000000000000000000000000000000000000000000000000000000000000000000000000000000000000000000000000000000000000000000000000', 'delete', 'Leaves Notes', 0, 0, 0, 'Leave Notes Delete', 0, 1, 'action', 1, '2012-02-28 18:12:07'),
(550, 'Leaves Notes Write', 'leaves_notes_write', 112, '10000000000000000000000000000000000000000000000000000000000000000000000000000000000000000000000000000000000000000000000000000000000000000000000000000000000000000000000000000000000000000000000000000000000000000000000000000000000000000000000000000000000000000000000000000000000000000000000000000000000000000000000000000', 'write', 'Leaves Notes', 0, 0, 0, 'Leave Notes Write', 0, 1, 'action', 1, '2012-02-28 18:12:07'),
(551, 'Quote Notes', 'quote_notes', 103, '100000000000000000000000000000000000000000000000000000000000000000000000000000000000000000000000000000000000000000000000000000000000000000000000000000000000000000000000000000000000000000000000000000000000000000000000000000000000000000000000000000000000000000000000000000000000000000000000000000000000000000000000000000', 'write', 'Notes', 0, 0, 0, 'Notes', 0, 1, 'page', 1, '2011-12-23 12:38:54'),
(552, 'Quote Labour', 'quote_labour', 103, '1000000000000000000000000000000000000000000000000000000000000000000000000000000000000000000000000000000000000000000000000000000000000000000000000000000000000000000000000000000000000000000000000000000000000000000000000000000000000000000000000000000000000000000000000000000000000000000000000000000000000000000000000000000', 'write', 'Costing - Labour', 0, 0, 0, 'Labour', 0, 1, 'page', 1, '2012-01-13 15:15:16'),
(553, 'Quote Materials', 'quote_materials', 103, '10000000000000000000000000000000000000000000000000000000000000000000000000000000000000000000000000000000000000000000000000000000000000000000000000000000000000000000000000000000000000000000000000000000000000000000000000000000000000000000000000000000000000000000000000000000000000000000000000000000000000000000000000000000', 'write', 'Costing - Materials', 0, 0, 0, 'Materials', 0, 1, 'page', 1, '2012-01-13 15:16:09'),
(554, 'Jobs Detail Schedule', 'jobs_details_schedule', 105, '100000000000000000000000000000000000000000000000000000000000000000000000000000000000000000000000000000000000000000000000000000000000000000000000000000000000000000000000000000000000000000000000000000000000000000000000000000000000000000000000000000000000000000000000000000000000000000000000000000000000000000000000000000000', 'write', 'Jobs', 0, 0, 0, 'Job Schedule', 0, 1, 'page', 1, '2011-12-21 11:58:48'),
(555, 'Departments', 'setup_department', 12, '1000000000000000000000000000000000000000000000000000000000000000000000000000000000000000000000000000000000000000000000000000000000000000000000000000000000000000000000000000000000000000000000000000000000000000000000000000000000000000000000000000000000000000000000000000000000000000000000000000000000000000000000000000000000', 'read', 'Departments', 0, 0, 0, 'Departments', 0, 1, 'page', 1, '2011-12-23 11:06:58'),
(556, 'Department Create', 'setup_department_create', 12, '10000000000000000000000000000000000000000000000000000000000000000000000000000000000000000000000000000000000000000000000000000000000000000000000000000000000000000000000000000000000000000000000000000000000000000000000000000000000000000000000000000000000000000000000000000000000000000000000000000000000000000000000000000000000', 'write', 'Departments', 0, 0, 0, 'Department Create', 0, 1, 'page', 1, '2011-12-23 10:43:10'),
(557, 'Department Details', 'setup_department_details', 12, '100000000000000000000000000000000000000000000000000000000000000000000000000000000000000000000000000000000000000000000000000000000000000000000000000000000000000000000000000000000000000000000000000000000000000000000000000000000000000000000000000000000000000000000000000000000000000000000000000000000000000000000000000000000000', 'read', 'Departments', 0, 0, 0, 'Department Details', 0, 1, 'page', 1, '2011-12-23 10:43:28'),
(558, 'Department Edit', 'setup_department_edit', 12, '1000000000000000000000000000000000000000000000000000000000000000000000000000000000000000000000000000000000000000000000000000000000000000000000000000000000000000000000000000000000000000000000000000000000000000000000000000000000000000000000000000000000000000000000000000000000000000000000000000000000000000000000000000000000000', 'write', 'Departments', 0, 0, 0, 'Department Edit', 0, 1, 'page', 1, '2011-12-23 10:43:44'),
(559, 'Department Task Details', 'setup_department_tasks_details', 12, '10000000000000000000000000000000000000000000000000000000000000000000000000000000000000000000000000000000000000000000000000000000000000000000000000000000000000000000000000000000000000000000000000000000000000000000000000000000000000000000000000000000000000000000000000000000000000000000000000000000000000000000000000000000000000', 'read', 'Department Tasks', 0, 0, 0, 'Department Task Details', 0, 1, 'page', 1, '2011-12-23 10:44:40'),
(560, 'Department Tasks Edit', 'setup_department_tasks_edit', 12, '100000000000000000000000000000000000000000000000000000000000000000000000000000000000000000000000000000000000000000000000000000000000000000000000000000000000000000000000000000000000000000000000000000000000000000000000000000000000000000000000000000000000000000000000000000000000000000000000000000000000000000000000000000000000000', 'write', 'Department Tasks', 0, 0, 0, 'Department Tasks Edit', 0, 1, 'page', 1, '2011-12-23 10:45:01'),
(561, 'Quote Notes Write', 'quote_notes_write', 103, '1000000000000000000000000000000000000000000000000000000000000000000000000000000000000000000000000000000000000000000000000000000000000000000000000000000000000000000000000000000000000000000000000000000000000000000000000000000000000000000000000000000000000000000000000000000000000000000000000000000000000000000000000000000000000000', 'write', 'Notes', 0, 0, 0, 'Write', 0, 1, 'action', 1, '2011-12-23 12:40:23'),
(562, 'Quote Notes Delete', 'quote_notes_delete', 103, '10000000000000000000000000000000000000000000000000000000000000000000000000000000000000000000000000000000000000000000000000000000000000000000000000000000000000000000000000000000000000000000000000000000000000000000000000000000000000000000000000000000000000000000000000000000000000000000000000000000000000000000000000000000000000000', 'delete', 'Notes', 0, 0, 0, 'Delete', 0, 1, 'action', 1, '2012-01-05 15:12:51'),
(563, 'Quote Current Status', 'quote_current_status', 103, '100000000000000000000000000000000000000000000000000000000000000000000000000000000000000000000000000000000000000000000000000000000000000000000000000000000000000000000000000000000000000000000000000000000000000000000000000000000000000000000000000000000000000000000000000000000000000000000000000000000000000000000000000000000000000000', 'write', 'Request', 0, 0, 0, 'Quote Current Status', 0, 1, 'page', 1, '2011-12-22 02:43:29'),
(564, 'Quote Attachments', 'quote_attachments', 103, '1000000000000000000000000000000000000000000000000000000000000000000000000000000000000000000000000000000000000000000000000000000000000000000000000000000000000000000000000000000000000000000000000000000000000000000000000000000000000000000000000000000000000000000000000000000000000000000000000000000000000000000000000000000000000000000', 'write', 'Request', 0, 0, 0, 'Quote Attachments', 0, 1, 'page', 1, '2011-12-22 02:46:58'),
(565, 'Quote Tasks', 'quote_tasks', 103, '10000000000000000000000000000000000000000000000000000000000000000000000000000000000000000000000000000000000000000000000000000000000000000000000000000000000000000000000000000000000000000000000000000000000000000000000000000000000000000000000000000000000000000000000000000000000000000000000000000000000000000000000000000000000000000000', 'write', 'Quote Tasks', 0, 0, 0, 'Quote Tasks', 0, 1, 'page', 1, '2012-01-04 16:40:36'),
(574, 'Jobs Current Status', 'jobs_current_status', 105, '10000000000000000000000000000000000000000000000000000000000000000000000000000000000000000000000000000000000000000000000000000000000000000000000000000000000000000000000000000000000000000000000000000000000000000000000000000000000000000000000000000000000000000000000000000000000000000000000000000000000000000000000000000000000000000000000000000', 'write', 'Jobs', 0, 0, 0, 'Jobs Current Status', 0, 1, 'page', 1, '2011-12-30 11:32:11'),
(575, 'Jobs Tracking', 'jobs_tracking', 105, '100000000000000000000000000000000000000000000000000000000000000000000000000000000000000000000000000000000000000000000000000000000000000000000000000000000000000000000000000000000000000000000000000000000000000000000000000000000000000000000000000000000000000000000000000000000000000000000000000000000000000000000000000000000000000000000000000000', 'read', 'Jobs Tracking', 0, 0, 0, 'Jobs Tracking', 0, 1, 'page', 1, '2011-12-30 12:19:51'),
(576, 'Jobs Tracking Edit', 'jobs_tracking_edit', 105, '1000000000000000000000000000000000000000000000000000000000000000000000000000000000000000000000000000000000000000000000000000000000000000000000000000000000000000000000000000000000000000000000000000000000000000000000000000000000000000000000000000000000000000000000000000000000000000000000000000000000000000000000000000000000000000000000000000000', 'write', 'Jobs Tracking', 0, 0, 0, 'Jobs Tracking Edit', 0, 1, 'page', 1, '2011-12-30 12:20:44'),
(577, 'Jobs Tracking Details', 'jobs_tracking_details', 105, '10000000000000000000000000000000000000000000000000000000000000000000000000000000000000000000000000000000000000000000000000000000000000000000000000000000000000000000000000000000000000000000000000000000000000000000000000000000000000000000000000000000000000000000000000000000000000000000000000000000000000000000000000000000000000000000000000000000', 'read', 'Jobs Tracking', 0, 0, 0, 'Jobs Tracking Details', 0, 1, 'page', 1, '2011-12-30 13:25:49'),
(578, 'Quote Sheet', 'quote_sheet', 103, '100000000000000000000000000000000000000000000000000000000000000000000000000000000000000000000000000000000000000000000000000000000000000000000000000000000000000000000000000000000000000000000000000000000000000000000000000000000000000000000000000000000000000000000000000000000000000000000000000000000000000000000000000000000000000000000000000000000', 'write', 'Quotation Sheet', 0, 0, 0, 'Sales Quotation Sheet', 0, 1, 'page', 1, '2012-01-13 15:16:24'),
(579, 'Quote Print', 'quote_print', 103, '1000000000000000000000000000000000000000000000000000000000000000000000000000000000000000000000000000000000000000000000000000000000000000000000000000000000000000000000000000000000000000000000000000000000000000000000000000000000000000000000000000000000000000000000000000000000000000000000000000000000000000000000000000000000000000000000000000000000', 'write', 'Quote Print', 0, 0, 0, 'Print Quotation', 0, 1, 'page', 1, '2012-01-13 15:17:42');
INSERT INTO `modules_sub` (`id`, `name`, `page`, `primary_module`, `permission`, `permission_type`, `module_type`, `first_layer`, `second_layer`, `first_layer_id`, `display_name`, `ordering`, `status`, `asset_type`, `submitter`, `date_submitted`) VALUES
(580, 'Quote Materials Edit', 'quote_materials_edit', 103, '10000000000000000000000000000000000000000000000000000000000000000000000000000000000000000000000000000000000000000000000000000000000000000000000000000000000000000000000000000000000000000000000000000000000000000000000000000000000000000000000000000000000000000000000000000000000000000000000000000000000000000000000000000000000000000000000000000000000', 'write', 'Costing - Materials', 0, 0, 0, 'Quote Materials Edit', 0, 1, 'page', 1, '2012-01-13 15:16:02'),
(581, 'Quote Tasks Details', 'quote_tasks_details', 103, '100000000000000000000000000000000000000000000000000000000000000000000000000000000000000000000000000000000000000000000000000000000000000000000000000000000000000000000000000000000000000000000000000000000000000000000000000000000000000000000000000000000000000000000000000000000000000000000000000000000000000000000000000000000000000000000000000000000000', 'read', 'Quote Tasks', 0, 0, 0, 'Quote Tasks Details', 0, 1, 'page', 1, '2012-01-04 16:39:35'),
(582, 'Quote Tasks Edit', 'quote_tasks_edit', 103, '1000000000000000000000000000000000000000000000000000000000000000000000000000000000000000000000000000000000000000000000000000000000000000000000000000000000000000000000000000000000000000000000000000000000000000000000000000000000000000000000000000000000000000000000000000000000000000000000000000000000000000000000000000000000000000000000000000000000000', 'write', 'Quote Tasks', 0, 0, 0, 'Quote Tasks Edit', 0, 1, 'page', 1, '2012-01-04 16:40:04'),
(583, 'Quote Tasks Create', 'quote_tasks_create', 103, '10000000000000000000000000000000000000000000000000000000000000000000000000000000000000000000000000000000000000000000000000000000000000000000000000000000000000000000000000000000000000000000000000000000000000000000000000000000000000000000000000000000000000000000000000000000000000000000000000000000000000000000000000000000000000000000000000000000000000', 'write', 'Quote Tasks', 0, 0, 0, 'Quote Tasks Create', 0, 1, 'page', 1, '2012-01-04 16:40:26'),
(584, 'Quotes History', 'quote_history', 103, '100000000000000000000000000000000000000000000000000000000000000000000000000000000000000000000000000000000000000000000000000000000000000000000000000000000000000000000000000000000000000000000000000000000000000000000000000000000000000000000000000000000000000000000000000000000000000000000000000000000000000000000000000000000000000000000000000000000000000', 'read', 'History', 0, 0, 0, 'History', 0, 1, 'page', 1, '2012-01-05 15:16:00'),
(585, 'Timesheets Weekly', 'timesheets_weekly', 112, '1000000000000000000000000000000000000000000000000000000000000000000000000000000000000000000000000000000000000000000000000000000000000000000000000000000000000000000000000000000000000000000000000000000000000000000000000000000000000000000000000000000000000000000000000000000000000000000000000000000000000000000000000000000000000000000000000000000000000000', 'read', 'Timesheets Weekly', 0, 0, 0, 'Timesheets Weekly', 0, 1, 'page', 1, '2012-01-06 13:36:59'),
(586, 'Timesheets Weekly Create', 'timesheets_weekly_create', 112, '10000000000000000000000000000000000000000000000000000000000000000000000000000000000000000000000000000000000000000000000000000000000000000000000000000000000000000000000000000000000000000000000000000000000000000000000000000000000000000000000000000000000000000000000000000000000000000000000000000000000000000000000000000000000000000000000000000000000000000', 'write', 'Timesheets Weekly', 0, 0, 0, 'Timesheets Weekly Create', 0, 3, 'page', 1, '2012-01-16 17:27:15'),
(587, 'Timesheets Weekly Edit', 'timesheets_weekly_edit', 112, '100000000000000000000000000000000000000000000000000000000000000000000000000000000000000000000000000000000000000000000000000000000000000000000000000000000000000000000000000000000000000000000000000000000000000000000000000000000000000000000000000000000000000000000000000000000000000000000000000000000000000000000000000000000000000000000000000000000000000000', 'write', 'Timesheets Weekly', 0, 0, 0, 'Timesheets Weekly Edit', 0, 3, 'page', 1, '2012-01-16 17:27:15'),
(588, 'Timesheets Weekly Details', 'timesheets_weekly_details', 112, '1000000000000000000000000000000000000000000000000000000000000000000000000000000000000000000000000000000000000000000000000000000000000000000000000000000000000000000000000000000000000000000000000000000000000000000000000000000000000000000000000000000000000000000000000000000000000000000000000000000000000000000000000000000000000000000000000000000000000000000', 'read', 'Timesheets Weekly', 0, 0, 0, 'Timesheets Weekly Report', 0, 1, 'page', 1, '2012-01-16 17:27:29'),
(589, 'Departments Notes', 'setup_department_notes', 12, '10000000000000000000000000000000000000000000000000000000000000000000000000000000000000000000000000000000000000000000000000000000000000000000000000000000000000000000000000000000000000000000000000000000000000000000000000000000000000000000000000000000000000000000000000000000000000000000000000000000000000000000000000000000000000000000000000000000000000000000', 'read', 'Departments Notes', 0, 0, 0, 'Notes', 0, 1, 'page', 1, '2012-01-06 17:04:55'),
(590, 'Departments Notes Write', 'setup_department_notes_write', 12, '100000000000000000000000000000000000000000000000000000000000000000000000000000000000000000000000000000000000000000000000000000000000000000000000000000000000000000000000000000000000000000000000000000000000000000000000000000000000000000000000000000000000000000000000000000000000000000000000000000000000000000000000000000000000000000000000000000000000000000000', 'write', 'Departments Notes', 0, 0, 0, 'Departments Notes Write', 0, 1, 'action', 1, '2012-01-06 17:06:23'),
(591, 'Departments Notes Delete', 'setup_department_notes_delete', 12, '1000000000000000000000000000000000000000000000000000000000000000000000000000000000000000000000000000000000000000000000000000000000000000000000000000000000000000000000000000000000000000000000000000000000000000000000000000000000000000000000000000000000000000000000000000000000000000000000000000000000000000000000000000000000000000000000000000000000000000000000', 'delete', 'Departments Notes', 0, 0, 0, 'Departments Notes Delete', 0, 1, 'action', 1, '2012-01-06 17:06:07'),
(592, 'Departments History', 'setup_department_history', 12, '10000000000000000000000000000000000000000000000000000000000000000000000000000000000000000000000000000000000000000000000000000000000000000000000000000000000000000000000000000000000000000000000000000000000000000000000000000000000000000000000000000000000000000000000000000000000000000000000000000000000000000000000000000000000000000000000000000000000000000000000', 'read', 'Departments History', 0, 0, 0, 'History', 0, 1, 'page', 1, '2012-01-06 17:07:07'),
(593, 'Leaves Tablet', 'leaves_tablet', 113, '100000000000000000000000000000000000000000000000000000000000000000000000000000000000000000000000000000000000000000000000000000000000000000000000000000000000000000000000000000000000000000000000000000000000000000000000000000000000000000000000000000000000000000000000000000000000000000000000000000000000000000000000000000000000000000000000000000000000000000000000', 'write', 'Leaves Tablet', 0, 0, 0, 'Leave Tablet', 0, 1, 'page', 1, '2012-02-28 18:11:55'),
(594, 'Leaves Tablet Edit', 'leaves_tablet_edit', 113, '1000000000000000000000000000000000000000000000000000000000000000000000000000000000000000000000000000000000000000000000000000000000000000000000000000000000000000000000000000000000000000000000000000000000000000000000000000000000000000000000000000000000000000000000000000000000000000000000000000000000000000000000000000000000000000000000000000000000000000000000000', 'write', 'Leaves Tablet', 0, 0, 0, 'Leave Edit', 0, 1, 'page', 1, '2012-02-28 18:11:55'),
(595, 'Jobs Tracking Create', 'jobs_tracking_create', 105, '10000000000000000000000000000000000000000000000000000000000000000000000000000000000000000000000000000000000000000000000000000000000000000000000000000000000000000000000000000000000000000000000000000000000000000000000000000000000000000000000000000000000000000000000000000000000000000000000000000000000000000000000000000000000000000000000000000000000000000000000000', 'write', 'Jobs Tracking', 0, 0, 0, 'Jobs Tracking Create', 0, 1, 'page', 1, '2012-01-06 00:03:51'),
(596, 'Jobs Summary', 'jobs_summary', 105, '100000000000000000000000000000000000000000000000000000000000000000000000000000000000000000000000000000000000000000000000000000000000000000000000000000000000000000000000000000000000000000000000000000000000000000000000000000000000000000000000000000000000000000000000000000000000000000000000000000000000000000000000000000000000000000000000000000000000000000000000000', 'read', 'Jobs Tracking', 0, 0, 0, 'Job Budget vs Actual Time Tracking (Hours)', 0, 1, 'page', 1, '2012-01-07 08:26:20'),
(597, 'Client Locations', 'contacts_clients_locations', 107, '1000000000000000000000000000000000000000000000000000000000000000000000000000000000000000000000000000000000000000000000000000000000000000000000000000000000000000000000000000000000000000000000000000000000000000000000000000000000000000000000000000000000000000000000000000000000000000000000000000000000000000000000000000000000000000000000000000000000000000000000000000', 'read', 'Client Locations', 0, 0, 0, 'Client Locations', 0, 1, 'page', 1, '2012-01-10 20:23:02'),
(598, 'Clients Location Create', 'contacts_clients_locations_create', 107, '10000000000000000000000000000000000000000000000000000000000000000000000000000000000000000000000000000000000000000000000000000000000000000000000000000000000000000000000000000000000000000000000000000000000000000000000000000000000000000000000000000000000000000000000000000000000000000000000000000000000000000000000000000000000000000000000000000000000000000000000000000', 'write', 'Client Locations', 0, 0, 0, 'Clients Location Create', 0, 1, 'action', 1, '2012-01-10 20:23:42'),
(599, 'Clients Location Edit', 'contacts_clients_locations_edit', 107, '100000000000000000000000000000000000000000000000000000000000000000000000000000000000000000000000000000000000000000000000000000000000000000000000000000000000000000000000000000000000000000000000000000000000000000000000000000000000000000000000000000000000000000000000000000000000000000000000000000000000000000000000000000000000000000000000000000000000000000000000000000', 'write', 'Client Locations', 0, 0, 0, 'Clients Location Edit', 0, 1, 'action', 1, '2012-01-10 20:24:02'),
(600, 'Client Contacts', 'contacts_clients_contacts', 107, '1000000000000000000000000000000000000000000000000000000000000000000000000000000000000000000000000000000000000000000000000000000000000000000000000000000000000000000000000000000000000000000000000000000000000000000000000000000000000000000000000000000000000000000000000000000000000000000000000000000000000000000000000000000000000000000000000000000000000000000000000000000', 'read', 'Client Contacts', 0, 0, 0, 'Client Contacts', 0, 1, 'page', 1, '2012-01-10 20:24:50'),
(601, 'Client Contacts Create', 'contacts_clients_contacts_create', 107, '10000000000000000000000000000000000000000000000000000000000000000000000000000000000000000000000000000000000000000000000000000000000000000000000000000000000000000000000000000000000000000000000000000000000000000000000000000000000000000000000000000000000000000000000000000000000000000000000000000000000000000000000000000000000000000000000000000000000000000000000000000000', 'write', 'Client Contacts', 0, 0, 0, 'Client Contacts Create', 0, 1, 'action', 1, '2012-01-10 20:25:15'),
(602, 'Client Contacts Edit', 'contacts_clients_contacts_edit', 107, '100000000000000000000000000000000000000000000000000000000000000000000000000000000000000000000000000000000000000000000000000000000000000000000000000000000000000000000000000000000000000000000000000000000000000000000000000000000000000000000000000000000000000000000000000000000000000000000000000000000000000000000000000000000000000000000000000000000000000000000000000000000', 'write', 'Client Contacts', 0, 0, 0, 'Client Contacts Edit', 0, 1, 'action', 1, '2012-01-10 20:25:34'),
(603, 'Clients Location Notes', 'contacts_clients_locations_notes', 107, '1000000000000000000000000000000000000000000000000000000000000000000000000000000000000000000000000000000000000000000000000000000000000000000000000000000000000000000000000000000000000000000000000000000000000000000000000000000000000000000000000000000000000000000000000000000000000000000000000000000000000000000000000000000000000000000000000000000000000000000000000000000000', 'read', 'Clients Location Notes', 0, 0, 0, 'Clients Location Notes', 0, 1, 'action', 1, '2012-01-11 12:25:02'),
(604, 'Clients Locations Notes Delete', 'contacts_clients_locations_notes_delete', 107, '10000000000000000000000000000000000000000000000000000000000000000000000000000000000000000000000000000000000000000000000000000000000000000000000000000000000000000000000000000000000000000000000000000000000000000000000000000000000000000000000000000000000000000000000000000000000000000000000000000000000000000000000000000000000000000000000000000000000000000000000000000000000', 'delete', 'Clients Location Notes', 0, 0, 0, 'Clients Locations Notes Delete', 0, 1, 'action', 1, '2012-01-11 12:25:37'),
(605, 'Clients Locations Notes Edit', 'contacts_clients_locations_notes_edit', 107, '100000000000000000000000000000000000000000000000000000000000000000000000000000000000000000000000000000000000000000000000000000000000000000000000000000000000000000000000000000000000000000000000000000000000000000000000000000000000000000000000000000000000000000000000000000000000000000000000000000000000000000000000000000000000000000000000000000000000000000000000000000000000', 'write', 'Clients Location Notes', 0, 0, 0, 'Clients Locations Notes Edit', 0, 1, 'action', 1, '2012-01-11 12:26:11'),
(606, 'Clients Location History', 'contacts_clients_locations_history', 107, '1000000000000000000000000000000000000000000000000000000000000000000000000000000000000000000000000000000000000000000000000000000000000000000000000000000000000000000000000000000000000000000000000000000000000000000000000000000000000000000000000000000000000000000000000000000000000000000000000000000000000000000000000000000000000000000000000000000000000000000000000000000000000', 'read', 'Clients Location History', 0, 0, 0, 'Clients Location History', 0, 1, 'action', 1, '2012-01-11 12:32:35'),
(607, 'Job Trackings Tablet', 'job_trackings_tablet', 113, '10000000000000000000000000000000000000000000000000000000000000000000000000000000000000000000000000000000000000000000000000000000000000000000000000000000000000000000000000000000000000000000000000000000000000000000000000000000000000000000000000000000000000000000000000000000000000000000000000000000000000000000000000000000000000000000000000000000000000000000000000000000000000', 'write', 'Job Trackings Tablet', 0, 0, 0, 'Job Trackings Tablet', 0, 1, 'page', 1, '2012-01-25 18:00:27'),
(608, 'Timesheets Tablet', 'timesheets_tablet', 113, '100000000000000000000000000000000000000000000000000000000000000000000000000000000000000000000000000000000000000000000000000000000000000000000000000000000000000000000000000000000000000000000000000000000000000000000000000000000000000000000000000000000000000000000000000000000000000000000000000000000000000000000000000000000000000000000000000000000000000000000000000000000000000', 'write', 'Timesheets Tablet', 0, 0, 0, 'Timesheets Tablet', 0, 1, 'page', 1, '2012-01-12 09:52:13'),
(609, 'Setup Labours Edit', 'setup_labours_edit', 12, '1000000000000000000000000000000000000000000000000000000000000000000000000000000000000000000000000000000000000000000000000000000000000000000000000000000000000000000000000000000000000000000000000000000000000000000000000000000000000000000000000000000000000000000000000000000000000000000000000000000000000000000000000000000000000000000000000000000000000000000000000000000000000000', 'write', 'setup', 0, 0, 0, 'Setup Labours Edit', 0, 1, 'page', 1, '2012-01-06 18:27:06'),
(610, 'Setup Labours Create', 'setup_labours_create', 12, '10000000000000000000000000000000000000000000000000000000000000000000000000000000000000000000000000000000000000000000000000000000000000000000000000000000000000000000000000000000000000000000000000000000000000000000000000000000000000000000000000000000000000000000000000000000000000000000000000000000000000000000000000000000000000000000000000000000000000000000000000000000000000000', 'write', 'setup', 0, 0, 0, 'Setup Labours Create', 0, 1, 'page', 1, '2012-01-06 20:43:38'),
(611, 'Workflow', 'setup_workflow', 12, '100000000000000000000000000000000000000000000000000000000000000000000000000000000000000000000000000000000000000000000000000000000000000000000000000000000000000000000000000000000000000000000000000000000000000000000000000000000000000000000000000000000000000000000000000000000000000000000000000000000000000000000000000000000000000000000000000000000000000000000000000000000000000000', 'read', 'Workflow', 0, 0, 0, 'Workflow', 0, 1, 'page', 1, '2012-01-13 12:21:18'),
(620, 'Workflow Create', 'setup_workflow_create', 12, '100000000000000000000000000000000000000000000000000000000000000000000000000000000000000000000000000000000000000000000000000000000000000000000000000000000000000000000000000000000000000000000000000000000000000000000000000000000000000000000000000000000000000000000000000000000000000000000000000000000000000000000000000000000000000000000000000000000000000000000000000000000000000000000000000', 'write', 'Workflow', 0, 0, 0, 'Workflow Create', 0, 1, 'page', 1, '2012-01-13 12:21:38'),
(621, 'Workflow Edit', 'setup_workflow_edit', 12, '1000000000000000000000000000000000000000000000000000000000000000000000000000000000000000000000000000000000000000000000000000000000000000000000000000000000000000000000000000000000000000000000000000000000000000000000000000000000000000000000000000000000000000000000000000000000000000000000000000000000000000000000000000000000000000000000000000000000000000000000000000000000000000000000000000', 'write', 'Workflow', 0, 0, 0, 'Workflow Edit', 0, 1, 'page', 1, '2012-01-13 12:22:21'),
(622, 'Workflow Details', 'setup_workflow_details', 12, '10000000000000000000000000000000000000000000000000000000000000000000000000000000000000000000000000000000000000000000000000000000000000000000000000000000000000000000000000000000000000000000000000000000000000000000000000000000000000000000000000000000000000000000000000000000000000000000000000000000000000000000000000000000000000000000000000000000000000000000000000000000000000000000000000000', 'read', 'Workflow', 0, 0, 0, 'Workflow Details', 0, 1, 'page', 1, '2012-01-13 12:21:58'),
(623, 'Workflow History', 'setup_workflow_history', 12, '100000000000000000000000000000000000000000000000000000000000000000000000000000000000000000000000000000000000000000000000000000000000000000000000000000000000000000000000000000000000000000000000000000000000000000000000000000000000000000000000000000000000000000000000000000000000000000000000000000000000000000000000000000000000000000000000000000000000000000000000000000000000000000000000000000', 'read', 'Workflow History', 0, 0, 0, 'Workflow History', 0, 1, 'page', 1, '2012-01-13 12:22:51'),
(624, 'Workflow Notes', 'setup_workflow_notes', 12, '1000000000000000000000000000000000000000000000000000000000000000000000000000000000000000000000000000000000000000000000000000000000000000000000000000000000000000000000000000000000000000000000000000000000000000000000000000000000000000000000000000000000000000000000000000000000000000000000000000000000000000000000000000000000000000000000000000000000000000000000000000000000000000000000000000000', 'read', 'Workflow Notes', 0, 0, 0, 'Workflow Notes', 0, 1, 'page', 1, '2012-01-13 12:23:12'),
(625, 'Workflow Notes Write', 'setup_workflow_notes_write', 12, '10000000000000000000000000000000000000000000000000000000000000000000000000000000000000000000000000000000000000000000000000000000000000000000000000000000000000000000000000000000000000000000000000000000000000000000000000000000000000000000000000000000000000000000000000000000000000000000000000000000000000000000000000000000000000000000000000000000000000000000000000000000000000000000000000000000', 'write', 'Workflow Notes', 0, 0, 0, 'Workflow Notes Write', 0, 1, 'action', 1, '2012-01-13 12:23:56'),
(626, 'Workflow Notes Delete', 'setup_workflow_notes_delete', 12, '100000000000000000000000000000000000000000000000000000000000000000000000000000000000000000000000000000000000000000000000000000000000000000000000000000000000000000000000000000000000000000000000000000000000000000000000000000000000000000000000000000000000000000000000000000000000000000000000000000000000000000000000000000000000000000000000000000000000000000000000000000000000000000000000000000000', 'delete', 'Workflow Notes', 0, 0, 0, 'Workflow Notes Delete', 0, 1, 'action', 1, '2012-01-13 12:23:35'),
(627, 'Production Job Summary', 'production_job_summary', 105, '1000000000000000000000000000000000000000000000000000000000000000000000000000000000000000000000000000000000000000000000000000000000000000000000000000000000000000000000000000000000000000000000000000000000000000000000000000000000000000000000000000000000000000000000000000000000000000000000000000000000000000000000000000000000000000000000000000000000000000000000000000000000000000000000000000000000', 'read', 'Jobs', 0, 0, 0, 'Production Job Summary', 0, 1, 'page', 1, '2012-01-07 07:23:59'),
(628, 'Schedules', 'schedules', 111, '10000000000000000000000000000000000000000000000000000000000000000000000000000000000000000000000000000000000000000000000000000000000000000000000000000000000000000000000000000000000000000000000000000000000000000000000000000000000000000000000000000000000000000000000000000000000000000000000000000000000000000000000000000000000000000000000000000000000000000000000000000000000000000000000000000000000', 'read', 'Schedules', 0, 0, 0, 'Calendar', 0, 1, 'page', 1, '2012-01-08 19:39:39'),
(629, 'Schedules Production Jobs', 'schedules_production_jobs', 82, '100000000000000000000000000000000000000000000000000000000000000000000000000000000000000000000000000000000000000000000000000000000000000000000000000000000000000000000000000000000000000000000000000000000000000000000000000000000000000000000000000000000000000000000000000000000000000000000000000000000000000000000000000000000000000000000000000000000000000000000000000000000000000000000000000000000000', 'read', 'Schedules', 0, 0, 0, 'Production Job Summary', 0, 1, 'page', 1, '2012-01-07 17:29:16'),
(630, 'Company Summary', 'schedules_company_summary', 82, '1000000000000000000000000000000000000000000000000000000000000000000000000000000000000000000000000000000000000000000000000000000000000000000000000000000000000000000000000000000000000000000000000000000000000000000000000000000000000000000000000000000000000000000000000000000000000000000000000000000000000000000000000000000000000000000000000000000000000000000000000000000000000000000000000000000000000', 'read', 'Schedules', 0, 0, 0, 'Company Summary', 0, 1, 'page', 1, '2012-01-07 17:32:31'),
(631, 'Job Trackings Tablet Time', 'job_trackings_time_tablet', 113, '10000000000000000000000000000000000000000000000000000000000000000000000000000000000000000000000000000000000000000000000000000000000000000000000000000000000000000000000000000000000000000000000000000000000000000000000000000000000000000000000000000000000000000000000000000000000000000000000000000000000000000000000000000000000000000000000000000000000000000000000000000000000000000000000000000000000000', 'write', 'Job Trackings Tablet', 0, 0, 0, 'Job Time Trackings Tablet Time', 0, 1, 'page', 1, '2012-01-25 18:00:27'),
(632, 'Job Trackings Tablet Material ', 'job_trackings_material_tablet', 113, '100000000000000000000000000000000000000000000000000000000000000000000000000000000000000000000000000000000000000000000000000000000000000000000000000000000000000000000000000000000000000000000000000000000000000000000000000000000000000000000000000000000000000000000000000000000000000000000000000000000000000000000000000000000000000000000000000000000000000000000000000000000000000000000000000000000000000', 'write', 'Job Trackings Tablet', 0, 0, 0, 'Job Material Trackings Tablet', 0, 1, 'page', 1, '2012-01-25 18:00:27'),
(633, 'Jobs Inspection', 'jobs_inspection', 105, '1000000000000000000000000000000000000000000000000000000000000000000000000000000000000000000000000000000000000000000000000000000000000000000000000000000000000000000000000000000000000000000000000000000000000000000000000000000000000000000000000000000000000000000000000000000000000000000000000000000000000000000000000000000000000000000000000000000000000000000000000000000000000000000000000000000000000000', 'write', 'Jobs', 0, 0, 0, 'Internal Check', 0, 1, 'page', 1, '2012-01-08 20:33:34'),
(634, 'Job Details Labour Edit', 'jobs_details_labour_edit', 105, '10000000000000000000000000000000000000000000000000000000000000000000000000000000000000000000000000000000000000000000000000000000000000000000000000000000000000000000000000000000000000000000000000000000000000000000000000000000000000000000000000000000000000000000000000000000000000000000000000000000000000000000000000000000000000000000000000000000000000000000000000000000000000000000000000000000000000000', 'write', 'Jobs', 0, 0, 0, 'Job Details Labour Edit', 0, 1, 'page', 1, '2012-01-20 13:30:00'),
(635, 'Jobs Attachments', 'job_attachments', 105, '100000000000000000000000000000000000000000000000000000000000000000000000000000000000000000000000000000000000000000000000000000000000000000000000000000000000000000000000000000000000000000000000000000000000000000000000000000000000000000000000000000000000000000000000000000000000000000000000000000000000000000000000000000000000000000000000000000000000000000000000000000000000000000000000000000000000000000', 'write', 'Jobs', 0, 0, 0, 'Attachments', 0, 1, 'page', 1, '2012-01-23 17:36:13'),
(636, 'Tracking List', 'jobs_tracking_list', 105, '1000000000000000000000000000000000000000000000000000000000000000000000000000000000000000000000000000000000000000000000000000000000000000000000000000000000000000000000000000000000000000000000000000000000000000000000000000000000000000000000000000000000000000000000000000000000000000000000000000000000000000000000000000000000000000000000000000000000000000000000000000000000000000000000000000000000000000000', 'read', 'Jobs Tracking', 0, 0, 0, 'Tracking List', 0, 1, 'page', 1, '2012-01-23 15:13:37'),
(637, 'Reset Password', 'staff_reset_password', 5, '10000000000000000000000000000000000000000000000000000000000000000000000000000000000000000000000000000000000000000000000000000000000000000000000000000000000000000000000000000000000000000000000000000000000000000000000000000000000000000000000000000000000000000000000000000000000000000000000000000000000000000000000000000000000000000000000000000000000000000000000000000000000000000000000000000000000000000000', 'write', 'Staff', 0, 0, 0, 'Reset Password', 0, 1, 'page', 1, '2012-01-23 20:58:39'),
(638, 'Setup Inventory', 'setup_inventory', 12, '100000000000000000000000000000000000000000000000000000000000000000000000000000000000000000000000000000000000000000000000000000000000000000000000000000000000000000000000000000000000000000000000000000000000000000000000000000000000000000000000000000000000000000000000000000000000000000000000000000000000000000000000000000000000000000000000000000000000000000000000000000000000000000000000000000000000000000000', 'read', 'Setup Inventory', 0, 0, 0, 'Materials Inventory', 0, 1, 'page', 1, '2012-01-25 13:12:29'),
(639, 'Setup Inventory Create', 'setup_inventory_create', 12, '1000000000000000000000000000000000000000000000000000000000000000000000000000000000000000000000000000000000000000000000000000000000000000000000000000000000000000000000000000000000000000000000000000000000000000000000000000000000000000000000000000000000000000000000000000000000000000000000000000000000000000000000000000000000000000000000000000000000000000000000000000000000000000000000000000000000000000000000', 'write', 'Setup Inventory', 0, 0, 0, 'Create Inventory Item', 0, 1, 'page', 1, '2012-01-25 11:29:48'),
(640, 'Setup Inventory Edit', 'setup_inventory_edit', 12, '10000000000000000000000000000000000000000000000000000000000000000000000000000000000000000000000000000000000000000000000000000000000000000000000000000000000000000000000000000000000000000000000000000000000000000000000000000000000000000000000000000000000000000000000000000000000000000000000000000000000000000000000000000000000000000000000000000000000000000000000000000000000000000000000000000000000000000000000', 'write', 'Setup Inventory', 0, 0, 0, 'Inventory Edit', 0, 1, 'page', 1, '2012-01-25 11:06:43'),
(641, 'Setup Inventory Details', 'setup_inventory_details', 12, '100000000000000000000000000000000000000000000000000000000000000000000000000000000000000000000000000000000000000000000000000000000000000000000000000000000000000000000000000000000000000000000000000000000000000000000000000000000000000000000000000000000000000000000000000000000000000000000000000000000000000000000000000000000000000000000000000000000000000000000000000000000000000000000000000000000000000000000000', 'read', 'Setup Inventory', 0, 0, 0, 'Inventory Material Detail', 0, 1, 'page', 1, '2012-01-25 12:11:08'),
(642, 'Setup Sign Types', 'setup_job_types', 12, '1000000000000000000000000000000000000000000000000000000000000000000000000000000000000000000000000000000000000000000000000000000000000000000000000000000000000000000000000000000000000000000000000000000000000000000000000000000000000000000000000000000000000000000000000000000000000000000000000000000000000000000000000000000000000000000000000000000000000000000000000000000000000000000000000000000000000000000000000', 'write', 'setup', 0, 0, 0, 'Setup Sign Types', 0, 1, 'page', 1, '2012-01-26 23:34:50'),
(643, 'Setup Sign Type Details', 'setup_job_types_details', 12, '10000000000000000000000000000000000000000000000000000000000000000000000000000000000000000000000000000000000000000000000000000000000000000000000000000000000000000000000000000000000000000000000000000000000000000000000000000000000000000000000000000000000000000000000000000000000000000000000000000000000000000000000000000000000000000000000000000000000000000000000000000000000000000000000000000000000000000000000000', 'read', 'setup', 0, 0, 0, 'Setup Sign Type Details', 0, 1, 'page', 1, '2012-01-26 23:35:13'),
(646, 'Jobs Checklist', 'jobs_checklist', 105, '100000000000000000000000000000000000000000000000000000000000000000000000000000000000000000000000000000000000000000000000000000000000000000000000000000000000000000000000000000000000000000000000000000000000000000000000000000000000000000000000000000000000000000000000000000000000000000000000000000000000000000000000000000000000000000000000000000000000000000000000000000000000000000000000000000000000000000000000000', 'write', 'Jobs', 0, 0, 0, 'Job Checklist', 0, 1, 'page', 1, '2012-01-25 15:40:22'),
(647, 'Setup Job Color Coding', 'setup_job_colors', 12, '1000000000000000000000000000000000000000000000000000000000000000000000000000000000000000000000000000000000000000000000000000000000000000000000000000000000000000000000000000000000000000000000000000000000000000000000000000000000000000000000000000000000000000000000000000000000000000000000000000000000000000000000000000000000000000000000000000000000000000000000000000000000000000000000000000000000000000000000000000', 'write', 'Job Color Scheme', 0, 0, 0, 'Setup Job Color Coding', 0, 1, 'page', 1, '2012-01-26 19:44:31'),
(648, 'Jobs Purchase Requisition', 'jobs_purchase_requisition', 105, '10000000000000000000000000000000000000000000000000000000000000000000000000000000000000000000000000000000000000000000000000000000000000000000000000000000000000000000000000000000000000000000000000000000000000000000000000000000000000000000000000000000000000000000000000000000000000000000000000000000000000000000000000000000000000000000000000000000000000000000000000000000000000000000000000000000000000000000000000000', 'read', 'Jobs', 0, 0, 0, 'Materials Required', 0, 1, 'page', 1, '2012-02-02 18:14:16'),
(649, 'Setup Job Color Coding Edit', 'setup_job_colors_edit', 12, '100000000000000000000000000000000000000000000000000000000000000000000000000000000000000000000000000000000000000000000000000000000000000000000000000000000000000000000000000000000000000000000000000000000000000000000000000000000000000000000000000000000000000000000000000000000000000000000000000000000000000000000000000000000000000000000000000000000000000000000000000000000000000000000000000000000000000000000000000000', 'write', 'Job Color Scheme', 0, 0, 0, 'Setup Job Color Coding Edit', 0, 1, 'page', 1, '2012-01-26 20:19:17'),
(650, 'Setup Job Color Coding Create', 'setup_job_colors_create', 12, '1000000000000000000000000000000000000000000000000000000000000000000000000000000000000000000000000000000000000000000000000000000000000000000000000000000000000000000000000000000000000000000000000000000000000000000000000000000000000000000000000000000000000000000000000000000000000000000000000000000000000000000000000000000000000000000000000000000000000000000000000000000000000000000000000000000000000000000000000000000', 'write', 'Job Color Scheme', 0, 0, 0, 'Setup Job Color Coding Create', 0, 1, 'page', 1, '2012-01-26 20:31:57'),
(651, 'Setup Job Color Coding Details', 'setup_job_colors_details', 12, '10000000000000000000000000000000000000000000000000000000000000000000000000000000000000000000000000000000000000000000000000000000000000000000000000000000000000000000000000000000000000000000000000000000000000000000000000000000000000000000000000000000000000000000000000000000000000000000000000000000000000000000000000000000000000000000000000000000000000000000000000000000000000000000000000000000000000000000000000000000', 'read', 'Job Color Scheme', 0, 0, 0, 'Setup Job Color Coding Details', 0, 1, 'page', 1, '2012-01-26 22:06:26'),
(652, 'Setup Sign Types Create', 'setup_job_types_create', 12, '100000000000000000000000000000000000000000000000000000000000000000000000000000000000000000000000000000000000000000000000000000000000000000000000000000000000000000000000000000000000000000000000000000000000000000000000000000000000000000000000000000000000000000000000000000000000000000000000000000000000000000000000000000000000000000000000000000000000000000000000000000000000000000000000000000000000000000000000000000000', 'write', 'Job Types', 0, 0, 0, 'Setup Sign Types Create', 0, 1, 'page', 1, '2012-01-26 23:36:15'),
(653, 'Setup Sign Types Edit', 'setup_job_types_edit', 12, '1000000000000000000000000000000000000000000000000000000000000000000000000000000000000000000000000000000000000000000000000000000000000000000000000000000000000000000000000000000000000000000000000000000000000000000000000000000000000000000000000000000000000000000000000000000000000000000000000000000000000000000000000000000000000000000000000000000000000000000000000000000000000000000000000000000000000000000000000000000000', 'write', 'Job Types', 0, 0, 0, 'Setup Sign Types Edit', 0, 1, 'page', 1, '2012-01-26 23:37:04'),
(654, 'Workflow', 'setup_workflow_master', 12, '10000000000000000000000000000000000000000000000000000000000000000000000000000000000000000000000000000000000000000000000000000000000000000000000000000000000000000000000000000000000000000000000000000000000000000000000000000000000000000000000000000000000000000000000000000000000000000000000000000000000000000000000000000000000000000000000000000000000000000000000000000000000000000000000000000000000000000000000000000000000', 'read', 'Master Workflow', 0, 0, 0, 'Workflow', 0, 1, 'page', 1, '2012-01-27 18:28:29'),
(655, 'Workflow Create', 'setup_workflow_master_create', 12, '100000000000000000000000000000000000000000000000000000000000000000000000000000000000000000000000000000000000000000000000000000000000000000000000000000000000000000000000000000000000000000000000000000000000000000000000000000000000000000000000000000000000000000000000000000000000000000000000000000000000000000000000000000000000000000000000000000000000000000000000000000000000000000000000000000000000000000000000000000000000', 'write', 'Master Workflow', 0, 0, 0, 'Workflow Create', 0, 1, 'page', 1, '2012-01-27 18:22:18'),
(656, 'Workflow Edit', 'setup_workflow_master_edit', 12, '1000000000000000000000000000000000000000000000000000000000000000000000000000000000000000000000000000000000000000000000000000000000000000000000000000000000000000000000000000000000000000000000000000000000000000000000000000000000000000000000000000000000000000000000000000000000000000000000000000000000000000000000000000000000000000000000000000000000000000000000000000000000000000000000000000000000000000000000000000000000000', 'write', 'Master Workflow', 0, 0, 0, 'Workflow Edit', 0, 1, 'page', 1, '2012-01-27 18:23:15'),
(657, 'Workflow Details', 'setup_workflow_master_details', 12, '10000000000000000000000000000000000000000000000000000000000000000000000000000000000000000000000000000000000000000000000000000000000000000000000000000000000000000000000000000000000000000000000000000000000000000000000000000000000000000000000000000000000000000000000000000000000000000000000000000000000000000000000000000000000000000000000000000000000000000000000000000000000000000000000000000000000000000000000000000000000000', 'read', 'Master Workflow', 0, 0, 0, 'Workflow Details', 0, 1, 'page', 1, '2012-01-27 18:23:49'),
(658, 'Workflow History', 'setup_workflow_master_history', 12, '100000000000000000000000000000000000000000000000000000000000000000000000000000000000000000000000000000000000000000000000000000000000000000000000000000000000000000000000000000000000000000000000000000000000000000000000000000000000000000000000000000000000000000000000000000000000000000000000000000000000000000000000000000000000000000000000000000000000000000000000000000000000000000000000000000000000000000000000000000000000000', 'read', 'Master Workflow History', 0, 0, 0, 'Workflow History', 0, 1, 'page', 1, '2012-01-27 18:24:26'),
(659, 'Workflow Notes', 'setup_workflow_master_notes', 12, '1000000000000000000000000000000000000000000000000000000000000000000000000000000000000000000000000000000000000000000000000000000000000000000000000000000000000000000000000000000000000000000000000000000000000000000000000000000000000000000000000000000000000000000000000000000000000000000000000000000000000000000000000000000000000000000000000000000000000000000000000000000000000000000000000000000000000000000000000000000000000000', 'read', 'Master Workflow Notes', 0, 0, 0, 'Workflow Notes', 0, 1, 'page', 1, '2012-01-27 18:26:53'),
(660, 'Master Workflow Notes Delete', 'setup_workflow_master_notes_delete', 12, '10000000000000000000000000000000000000000000000000000000000000000000000000000000000000000000000000000000000000000000000000000000000000000000000000000000000000000000000000000000000000000000000000000000000000000000000000000000000000000000000000000000000000000000000000000000000000000000000000000000000000000000000000000000000000000000000000000000000000000000000000000000000000000000000000000000000000000000000000000000000000000', 'delete', 'Master Workflow Notes', 0, 0, 0, 'Master Workflow Notes Delete', 0, 1, 'action', 1, '2012-01-27 18:32:01'),
(661, 'Workflow Notes Write', 'setup_workflow_master_notes_write', 12, '100000000000000000000000000000000000000000000000000000000000000000000000000000000000000000000000000000000000000000000000000000000000000000000000000000000000000000000000000000000000000000000000000000000000000000000000000000000000000000000000000000000000000000000000000000000000000000000000000000000000000000000000000000000000000000000000000000000000000000000000000000000000000000000000000000000000000000000000000000000000000000', 'write', 'Master Workflow Notes', 0, 0, 0, 'Workflow Notes Write', 0, 1, 'action', 1, '2012-01-27 18:32:13'),
(662, 'Job Numbers', 'setup_job_numbers', 12, '1000000000000000000000000000000000000000000000000000000000000000000000000000000000000000000000000000000000000000000000000000000000000000000000000000000000000000000000000000000000000000000000000000000000000000000000000000000000000000000000000000000000000000000000000000000000000000000000000000000000000000000000000000000000000000000000000000000000000000000000000000000000000000000000000000000000000000000000000000000000000000000', 'write', 'Job Numbers', 0, 0, 0, 'Job Numbers', 0, 1, 'page', 1, '2012-01-27 19:34:55'),
(663, 'Child Jobs', 'jobs_child', 105, '10000000000000000000000000000000000000000000000000000000000000000000000000000000000000000000000000000000000000000000000000000000000000000000000000000000000000000000000000000000000000000000000000000000000000000000000000000000000000000000000000000000000000000000000000000000000000000000000000000000000000000000000000000000000000000000000000000000000000000000000000000000000000000000000000000000000000000000000000000000000000000000', 'read', 'Jobs', 0, 0, 0, 'Child Jobs', 0, 1, 'page', 1, '2012-01-27 19:51:19'),
(664, 'Quote Project Checklist', 'quote_checklist', 103, '100000000000000000000000000000000000000000000000000000000000000000000000000000000000000000000000000000000000000000000000000000000000000000000000000000000000000000000000000000000000000000000000000000000000000000000000000000000000000000000000000000000000000000000000000000000000000000000000000000000000000000000000000000000000000000000000000000000000000000000000000000000000000000000000000000000000000000000000000000000000000000000', 'write', 'Request', 0, 0, 0, 'Quote Checklist', 0, 1, 'page', 1, '2012-02-02 16:29:31'),
(665, 'Job Colours', 'job_colors', 105, '1000000000000000000000000000000000000000000000000000000000000000000000000000000000000000000000000000000000000000000000000000000000000000000000000000000000000000000000000000000000000000000000000000000000000000000000000000000000000000000000000000000000000000000000000000000000000000000000000000000000000000000000000000000000000000000000000000000000000000000000000000000000000000000000000000000000000000000000000000000000000000000000', 'read', 'Job Colours', 0, 0, 0, 'Job Colours', 0, 1, 'page', 1, '2012-02-02 23:03:06'),
(666, 'Job Colours Create', 'job_colors_create', 105, '10000000000000000000000000000000000000000000000000000000000000000000000000000000000000000000000000000000000000000000000000000000000000000000000000000000000000000000000000000000000000000000000000000000000000000000000000000000000000000000000000000000000000000000000000000000000000000000000000000000000000000000000000000000000000000000000000000000000000000000000000000000000000000000000000000000000000000000000000000000000000000000000', 'write', 'Job Colours', 0, 0, 0, 'Job Colours Create', 0, 1, 'page', 1, '2012-02-02 23:06:52'),
(667, 'Job Colours Details', 'job_colors_details', 105, '100000000000000000000000000000000000000000000000000000000000000000000000000000000000000000000000000000000000000000000000000000000000000000000000000000000000000000000000000000000000000000000000000000000000000000000000000000000000000000000000000000000000000000000000000000000000000000000000000000000000000000000000000000000000000000000000000000000000000000000000000000000000000000000000000000000000000000000000000000000000000000000000', 'read', 'Job Colours', 0, 0, 0, 'Job Colours Details', 0, 1, 'page', 1, '2012-02-02 23:07:56'),
(668, 'Job Colours Edit', 'job_colors_edit', 105, '1000000000000000000000000000000000000000000000000000000000000000000000000000000000000000000000000000000000000000000000000000000000000000000000000000000000000000000000000000000000000000000000000000000000000000000000000000000000000000000000000000000000000000000000000000000000000000000000000000000000000000000000000000000000000000000000000000000000000000000000000000000000000000000000000000000000000000000000000000000000000000000000000', 'write', 'Job Colours', 0, 0, 0, 'Job Colours Edit', 0, 1, 'page', 1, '2012-02-02 23:09:12'),
(669, 'Activity Time', 'reports_quality_time', 82, '10000000000000000000000000000000000000000000000000000000000000000000000000000000000000000000000000000000000000000000000000000000000000000000000000000000000000000000000000000000000000000000000000000000000000000000000000000000000000000000000000000000000000000000000000000000000000000000000000000000000000000000000000000000000000000000000000000000000000000000000000000000000000000000000000000000000000000000000000000000000000000000000000', 'read', 'Activity Time', 0, 0, 0, 'Activity Time', 0, 1, 'page', 1, '2012-02-03 00:44:07'),
(670, 'Setup Job Ordering', 'setup_job_ordering', 12, '100000000000000000000000000000000000000000000000000000000000000000000000000000000000000000000000000000000000000000000000000000000000000000000000000000000000000000000000000000000000000000000000000000000000000000000000000000000000000000000000000000000000000000000000000000000000000000000000000000000000000000000000000000000000000000000000000000000000000000000000000000000000000000000000000000000000000000000000000000000000000000000000000', 'write', 'Job Ordering', 0, 0, 0, 'Job Ordering for Job Tracking', 0, 1, 'page', 1, '2012-02-03 15:42:32'),
(671, 'Jobs Installation', 'jobs_installation', 105, '1000000000000000000000000000000000000000000000000000000000000000000000000000000000000000000000000000000000000000000000000000000000000000000000000000000000000000000000000000000000000000000000000000000000000000000000000000000000000000000000000000000000000000000000000000000000000000000000000000000000000000000000000000000000000000000000000000000000000000000000000000000000000000000000000000000000000000000000000000000000000000000000000000', 'write', 'Jobs', 0, 0, 0, 'Jobs Installation', 0, 1, 'page', 1, '2012-02-07 18:00:55'),
(672, 'Jobs Installation  ', 'jobs_installation_edit', 105, '10000000000000000000000000000000000000000000000000000000000000000000000000000000000000000000000000000000000000000000000000000000000000000000000000000000000000000000000000000000000000000000000000000000000000000000000000000000000000000000000000000000000000000000000000000000000000000000000000000000000000000000000000000000000000000000000000000000000000000000000000000000000000000000000000000000000000000000000000000000000000000000000000000', 'write', 'Jobs', 0, 0, 0, 'Jobs Installation  ', 0, 1, 'page', 1, '2012-02-08 16:28:03'),
(673, 'Clients Report', 'reports_clients', 82, '100000000000000000000000000000000000000000000000000000000000000000000000000000000000000000000000000000000000000000000000000000000000000000000000000000000000000000000000000000000000000000000000000000000000000000000000000000000000000000000000000000000000000000000000000000000000000000000000000000000000000000000000000000000000000000000000000000000000000000000000000000000000000000000000000000000000000000000000000000000000000000000000000000', 'read', 'Clients Report', 0, 0, 0, 'Clients Report', 0, 1, 'page', 1, '2012-02-09 17:56:58'),
(674, 'Staff Productivity', 'reports_staff_productivity', 82, '1000000000000000000000000000000000000000000000000000000000000000000000000000000000000000000000000000000000000000000000000000000000000000000000000000000000000000000000000000000000000000000000000000000000000000000000000000000000000000000000000000000000000000000000000000000000000000000000000000000000000000000000000000000000000000000000000000000000000000000000000000000000000000000000000000000000000000000000000000000000000000000000000000000', 'read', 'Staff Productivity', 0, 0, 0, 'Staff Productivity', 0, 1, 'page', 1, '2012-02-09 17:57:19'),
(675, 'Today''s Timesheets', 'payroll_today', 112, '10000000000000000000000000000000000000000000000000000000000000000000000000000000000000000000000000000000000000000000000000000000000000000000000000000000000000000000000000000000000000000000000000000000000000000000000000000000000000000000000000000000000000000000000000000000000000000000000000000000000000000000000000000000000000000000000000000000000000000000000000000000000000000000000000000000000000000000000000000000000000000000000000000000', 'write', 'Today''s Timesheets', 0, 0, 0, 'Today''s Timesheets', 0, 1, 'page', 1, '2012-02-17 15:48:47'),
(676, 'Edit Timesheet', 'payroll_today_edit', 112, '100000000000000000000000000000000000000000000000000000000000000000000000000000000000000000000000000000000000000000000000000000000000000000000000000000000000000000000000000000000000000000000000000000000000000000000000000000000000000000000000000000000000000000000000000000000000000000000000000000000000000000000000000000000000000000000000000000000000000000000000000000000000000000000000000000000000000000000000000000000000000000000000000000000', 'write', 'Today''s Timesheets', 0, 0, 0, 'Edit Timesheet', 0, 1, 'page', 1, '2012-02-17 16:11:18'),
(677, 'Search', 'search', 11, '1000000000000000000000000000000000000000000000000000000000000000000000000000000000000000000000000000000000000000000000000000000000000000000000000000000000000000000000000000000000000000000000000000000000000000000000000000000000000000000000000000000000000000000000000000000000000000000000000000000000000000000000000000000000000000000000000000000000000000000000000000000000000000000000000000000000000000000000000000000000000000000000000000000000', 'read', 'Search', 0, 0, 0, 'Search', 0, 1, 'page', 1, '2012-02-21 19:19:00'),
(678, 'Installs', 'jobs_installs', 105, '10000000000000000000000000000000000000000000000000000000000000000000000000000000000000000000000000000000000000000000000000000000000000000000000000000000000000000000000000000000000000000000000000000000000000000000000000000000000000000000000000000000000000000000000000000000000000000000000000000000000000000000000000000000000000000000000000000000000000000000000000000000000000000000000000000000000000000000000000000000000000000000000000000000000', 'read', 'Installs', 0, 0, 0, 'Installs', 0, 1, 'page', 1, '2012-02-23 16:31:20');
INSERT INTO `modules_sub` (`id`, `name`, `page`, `primary_module`, `permission`, `permission_type`, `module_type`, `first_layer`, `second_layer`, `first_layer_id`, `display_name`, `ordering`, `status`, `asset_type`, `submitter`, `date_submitted`) VALUES
(679, 'Jobs Updates', 'payroll_jobs_update', 112, '100000000000000000000000000000000000000000000000000000000000000000000000000000000000000000000000000000000000000000000000000000000000000000000000000000000000000000000000000000000000000000000000000000000000000000000000000000000000000000000000000000000000000000000000000000000000000000000000000000000000000000000000000000000000000000000000000000000000000000000000000000000000000000000000000000000000000000000000000000000000000000000000000000000000', 'read', 'Jobs Updates', 0, 0, 0, 'Jobs Updates', 0, 1, 'page', 1, '2012-02-23 16:32:03'),
(680, 'Sales Reports', 'reports_sales', 82, '1000000000000000000000000000000000000000000000000000000000000000000000000000000000000000000000000000000000000000000000000000000000000000000000000000000000000000000000000000000000000000000000000000000000000000000000000000000000000000000000000000000000000000000000000000000000000000000000000000000000000000000000000000000000000000000000000000000000000000000000000000000000000000000000000000000000000000000000000000000000000000000000000000000000000', 'read', 'Sales Reports', 0, 0, 0, 'Sales Reports', 0, 1, 'page', 1, '2013-05-27 12:22:38'),
(681, 'Non-Billable Hours Reports', 'reports_non_billable', 82, '10000000000000000000000000000000000000000000000000000000000000000000000000000000000000000000000000000000000000000000000000000000000000000000000000000000000000000000000000000000000000000000000000000000000000000000000000000000000000000000000000000000000000000000000000000000000000000000000000000000000000000000000000000000000000000000000000000000000000000000000000000000000000000000000000000000000000000000000000000000000000000000000000000000000000', 'read', 'Non-Billable Hours Reports', 0, 0, 0, 'Non-Billable Hours Reports', 0, 0, 'page', 1, '2013-10-17 16:21:32'),
(682, 'Stock', 'stock', 114, '100000000000000000000000000000000000000000000000000000000000000000000000000000000000000000000000000000000000000000000000000000000000000000000000000000000000000000000000000000000000000000000000000000000000000000000000000000000000000000000000000000000000000000000000000000000000000000000000000000000000000000000000000000000000000000000000000000000000000000000000000000000000000000000000000000000000000000000000000000000000000000000000000000000000000', 'read', 'Stock', 0, 0, 0, 'Stock', 0, 1, 'page', 1, '2014-05-19 11:27:18'),
(683, 'Create New Order', 'stock_create_order', 114, '1000000000000000000000000000000000000000000000000000000000000000000000000000000000000000000000000000000000000000000000000000000000000000000000000000000000000000000000000000000000000000000000000000000000000000000000000000000000000000000000000000000000000000000000000000000000000000000000000000000000000000000000000000000000000000000000000000000000000000000000000000000000000000000000000000000000000000000000000000000000000000000000000000000000000000', 'write', 'Order', 0, 0, 0, 'Create New Order', 0, 1, 'page', 1, '2014-05-19 11:30:59'),
(684, 'Order Edit', 'stock_order_edit', 114, '10000000000000000000000000000000000000000000000000000000000000000000000000000000000000000000000000000000000000000000000000000000000000000000000000000000000000000000000000000000000000000000000000000000000000000000000000000000000000000000000000000000000000000000000000000000000000000000000000000000000000000000000000000000000000000000000000000000000000000000000000000000000000000000000000000000000000000000000000000000000000000000000000000000000000000', 'write', 'Order', 0, 0, 0, 'Edit Order', 0, 1, 'page', 1, '2014-05-19 11:46:02'),
(685, 'Order Detail', 'stock_order_detail', 114, '100000000000000000000000000000000000000000000000000000000000000000000000000000000000000000000000000000000000000000000000000000000000000000000000000000000000000000000000000000000000000000000000000000000000000000000000000000000000000000000000000000000000000000000000000000000000000000000000000000000000000000000000000000000000000000000000000000000000000000000000000000000000000000000000000000000000000000000000000000000000000000000000000000000000000000', 'read', 'Order', 0, 0, 0, 'Order Detail', 0, 1, 'page', 1, '2014-05-19 13:32:22'),
(686, 'Order Tracking', 'stock_order_track', 114, '1000000000000000000000000000000000000000000000000000000000000000000000000000000000000000000000000000000000000000000000000000000000000000000000000000000000000000000000000000000000000000000000000000000000000000000000000000000000000000000000000000000000000000000000000000000000000000000000000000000000000000000000000000000000000000000000000000000000000000000000000000000000000000000000000000000000000000000000000000000000000000000000000000000000000000000', 'write', 'Stock', 0, 0, 0, 'Order Tracking', 0, 1, 'page', 1, '2014-06-06 14:10:31'),
(687, 'Order History', 'stock_order_history', 114, '10000000000000000000000000000000000000000000000000000000000000000000000000000000000000000000000000000000000000000000000000000000000000000000000000000000000000000000000000000000000000000000000000000000000000000000000000000000000000000000000000000000000000000000000000000000000000000000000000000000000000000000000000000000000000000000000000000000000000000000000000000000000000000000000000000000000000000000000000000000000000000000000000000000000000000000', 'read', 'Stock', 0, 0, 0, 'Order History', 0, 1, 'page', 1, '2014-06-06 14:10:57'),
(688, 'Materials Summary', 'reports_material_summary', 82, '100000000000000000000000000000000000000000000000000000000000000000000000000000000000000000000000000000000000000000000000000000000000000000000000000000000000000000000000000000000000000000000000000000000000000000000000000000000000000000000000000000000000000000000000000000000000000000000000000000000000000000000000000000000000000000000000000000000000000000000000000000000000000000000000000000000000000000000000000000000000000000000000000000000000000000000', 'read', 'Material', 0, 0, 0, 'Materials Summary', 0, 1, 'page', 1, '2014-06-13 14:42:54'),
(689, 'Stock Material', 'stock_material', 114, '1000000000000000000000000000000000000000000000000000000000000000000000000000000000000000000000000000000000000000000000000000000000000000000000000000000000000000000000000000000000000000000000000000000000000000000000000000000000000000000000000000000000000000000000000000000000000000000000000000000000000000000000000000000000000000000000000000000000000000000000000000000000000000000000000000000000000000000000000000000000000000000000000000000000000000000000', 'read', 'Stock Material', 0, 0, 0, 'Stock Material', 0, 1, 'page', 1, '2014-06-24 16:08:57'),
(690, 'Add Material', 'stock_create_material', 114, '10000000000000000000000000000000000000000000000000000000000000000000000000000000000000000000000000000000000000000000000000000000000000000000000000000000000000000000000000000000000000000000000000000000000000000000000000000000000000000000000000000000000000000000000000000000000000000000000000000000000000000000000000000000000000000000000000000000000000000000000000000000000000000000000000000000000000000000000000000000000000000000000000000000000000000000000', 'write', 'Stock Material', 0, 0, 0, 'Add Material', 0, 1, 'page', 1, '2014-06-24 16:12:36'),
(691, 'Edit Material', 'stock_material_edit', 114, '100000000000000000000000000000000000000000000000000000000000000000000000000000000000000000000000000000000000000000000000000000000000000000000000000000000000000000000000000000000000000000000000000000000000000000000000000000000000000000000000000000000000000000000000000000000000000000000000000000000000000000000000000000000000000000000000000000000000000000000000000000000000000000000000000000000000000000000000000000000000000000000000000000000000000000000000', 'write', 'Stock Material', 0, 0, 0, 'Edit Material', 0, 1, 'page', 1, '2014-06-27 12:29:38'),
(692, 'Material Detail', 'stock_material_detail', 114, '1000000000000000000000000000000000000000000000000000000000000000000000000000000000000000000000000000000000000000000000000000000000000000000000000000000000000000000000000000000000000000000000000000000000000000000000000000000000000000000000000000000000000000000000000000000000000000000000000000000000000000000000000000000000000000000000000000000000000000000000000000000000000000000000000000000000000000000000000000000000000000000000000000000000000000000000000', 'read', 'Stock Material', 0, 0, 0, 'Material Detail', 0, 1, 'page', 1, '2014-06-27 12:30:54'),
(693, 'Stock Take', 'stock_take', 114, '10000000000000000000000000000000000000000000000000000000000000000000000000000000000000000000000000000000000000000000000000000000000000000000000000000000000000000000000000000000000000000000000000000000000000000000000000000000000000000000000000000000000000000000000000000000000000000000000000000000000000000000000000000000000000000000000000000000000000000000000000000000000000000000000000000000000000000000000000000000000000000000000000000000000000000000000000', 'read', 'Stock Take', 0, 0, 0, 'Stock Take', 0, 1, 'page', 1, '2014-06-30 15:21:01'),
(694, 'All Tasks', 'tasks_all', 101, '100000000000000000000000000000000000000000000000000000000000000000000000000000000000000000000000000000000000000000000000000000000000000000000000000000000000000000000000000000000000000000000000000000000000000000000000000000000000000000000000000000000000000000000000000000000000000000000000000000000000000000000000000000000000000000000000000000000000000000000000000000000000000000000000000000000000000000000000000000000000000000000000000000000000000000000000000', 'read', 'Tasks', 0, 0, 0, 'All Tasks', 0, 1, 'page', 1, '2015-02-03 12:49:12'),
(695, 'Workflow', 'setup_workflow_list', 12, '1000000000000000000000000000000000000000000000000000000000000000000000000000000000000000000000000000000000000000000000000000000000000000000000000000000000000000000000000000000000000000000000000000000000000000000000000000000000000000000000000000000000000000000000000000000000000000000000000000000000000000000000000000000000000000000000000000000000000000000000000000000000000000000000000000000000000000000000000000000000000000000000000000000000000000000000000000', 'read', 'Workflow', 0, 0, 0, 'Workflow', 0, 1, 'page', 1, '2015-03-05 14:44:19'),
(697, 'Setup Inventory History', 'setup_inventory_history', 12, '100000000000000000000000000000000000000000000000000000000000000000000000000000000000000000000000000000000000000000000000000000000000000000000000000000000000000000000000000000000000000000000000000000000000000000000000000000000000000000000000000000000000000000000000000000000000000000000000000000000000000000000000000000000000000000000000000000000000000000000000000000000000000000000000000000000000000000000000000000000000000000000000000000000000000000000000000000', 'read', 'Setup Inventory', 0, 0, 0, 'Inventory History', 0, 1, 'page', 1, '2015-07-14 14:39:55'),
(698, 'Setup Templates', 'setup_templates', 12, '1000000000000000000000000000000000000000000000000000000000000000000000000000000000000000000000000000000000000000000000000000000000000000000000000000000000000000000000000000000000000000000000000000000000000000000000000000000000000000000000000000000000000000000000000000000000000000000000000000000000000000000000000000000000000000000000000000000000000000000000000000000000000000000000000000000000000000000000000000000000000000000000000000000000000000000000000000000', 'read', 'Setup Templates', 1, 0, 0, 'Templates', 0, 1, 'page', 1, '2016-06-07 17:58:09'),
(699, 'Templates', 'setup_templates_create', 12, '10000000000000000000000000000000000000000000000000000000000000000000000000000000000000000000000000000000000000000000000000000000000000000000000000000000000000000000000000000000000000000000000000000000000000000000000000000000000000000000000000000000000000000000000000000000000000000000000000000000000000000000000000000000000000000000000000000000000000000000000000000000000000000000000000000000000000000000000000000000000000000000000000000000000000000000000000000000', 'write', 'Setup Templates', 0, 0, 0, 'Setup Templates Create', 0, 1, 'page', 1, '2016-06-07 17:59:05'),
(700, 'Setup Templates Edit', 'setup_templates_edit', 12, '100000000000000000000000000000000000000000000000000000000000000000000000000000000000000000000000000000000000000000000000000000000000000000000000000000000000000000000000000000000000000000000000000000000000000000000000000000000000000000000000000000000000000000000000000000000000000000000000000000000000000000000000000000000000000000000000000000000000000000000000000000000000000000000000000000000000000000000000000000000000000000000000000000000000000000000000000000000', 'write', 'Setup Templates', 0, 0, 0, 'Setup Templates Edit', 0, 1, 'page', 1, '2016-06-10 20:30:10'),
(701, 'Setup Templates Delete', 'setup_templates_delete', 12, '1000000000000000000000000000000000000000000000000000000000000000000000000000000000000000000000000000000000000000000000000000000000000000000000000000000000000000000000000000000000000000000000000000000000000000000000000000000000000000000000000000000000000000000000000000000000000000000000000000000000000000000000000000000000000000000000000000000000000000000000000000000000000000000000000000000000000000000000000000000000000000000000000000000000000000000000000000000000', 'delete', 'Setup Templates', 0, 0, 0, 'Setup Templates Delete', 0, 1, 'action', 1, '2016-06-14 13:01:40'),
(702, 'Setup Templates Details', 'setup_templates_details', 12, '10000000000000000000000000000000000000000000000000000000000000000000000000000000000000000000000000000000000000000000000000000000000000000000000000000000000000000000000000000000000000000000000000000000000000000000000000000000000000000000000000000000000000000000000000000000000000000000000000000000000000000000000000000000000000000000000000000000000000000000000000000000000000000000000000000000000000000000000000000000000000000000000000000000000000000000000000000000000', 'read', 'Setup Templates', 0, 1, 698, 'Setup Templates Details', 0, 1, 'page', 1, '2016-06-14 15:17:45');
